Last updated on 2023-03-31 16:53:52 CEST.
Flavor | Version | Tinstall | Tcheck | Ttotal | Status | Flags |
---|---|---|---|---|---|---|
r-devel-linux-x86_64-debian-clang | 1.1.0 | 635.78 | 246.35 | 882.13 | OK | |
r-devel-linux-x86_64-debian-gcc | 1.1.0 | 537.46 | 182.37 | 719.83 | OK | |
r-devel-linux-x86_64-fedora-clang | 1.1.0 | 1307.58 | OK | |||
r-devel-linux-x86_64-fedora-gcc | 1.1.0 | 1287.56 | OK | |||
r-devel-windows-x86_64 | 1.1.0 | 697.00 | 0.00 | 697.00 | OK | |
r-patched-linux-x86_64 | 1.1.0 | 561.31 | 241.32 | 802.63 | OK | |
r-release-linux-x86_64 | 1.1.0 | 554.70 | 233.33 | 788.03 | OK | |
r-release-macos-arm64 | 1.1.0 | 233.00 | NOTE | |||
r-release-macos-x86_64 | 1.1.0 | 314.00 | NOTE | |||
r-release-windows-x86_64 | 1.1.0 | 639.00 | 306.00 | 945.00 | OK | |
r-oldrel-macos-arm64 | 1.1.0 | 269.00 | NOTE | |||
r-oldrel-macos-x86_64 | 1.1.0 | 312.00 | NOTE | |||
r-oldrel-windows-ix86+x86_64 | 1.1.0 | 1572.00 | 511.00 | 2083.00 | NOTE |
Version: 1.1.0
Check: installed package size
Result: NOTE
installed size is 17.8Mb
sub-directories of 1Mb or more:
libs 17.2Mb
Flavors: r-release-macos-arm64, r-release-macos-x86_64, r-oldrel-macos-arm64, r-oldrel-macos-x86_64, r-oldrel-windows-ix86+x86_64