CRAN Package Check Results for Package lslx

Last updated on 2023-03-29 20:54:37 CEST.

Flavor Version Tinstall Tcheck Ttotal Status Flags
r-devel-linux-x86_64-debian-clang 0.6.11 181.20 105.62 286.82 OK
r-devel-linux-x86_64-debian-gcc 0.6.11 150.12 85.34 235.46 OK
r-devel-linux-x86_64-fedora-clang 0.6.11 361.87 OK
r-devel-linux-x86_64-fedora-gcc 0.6.11 410.14 OK
r-devel-windows-x86_64 0.6.11 126.00 0.00 126.00 OK
r-patched-linux-x86_64 0.6.11 151.92 106.87 258.79 OK
r-release-linux-x86_64 0.6.11 149.84 102.98 252.82 OK
r-release-macos-arm64 0.6.11 99.00 NOTE
r-release-macos-x86_64 0.6.11 131.00 NOTE
r-release-windows-x86_64 0.6.11 121.00 158.00 279.00 OK
r-oldrel-macos-arm64 0.6.11 91.00 NOTE
r-oldrel-macos-x86_64 0.6.11 144.00 NOTE
r-oldrel-windows-ix86+x86_64 0.6.11 352.00 169.00 521.00 NOTE

Check Details

Version: 0.6.11
Check: installed package size
Result: NOTE
     installed size is 50.0Mb
     sub-directories of 1Mb or more:
     doc 1.6Mb
     libs 47.8Mb
Flavors: r-release-macos-arm64, r-release-macos-x86_64, r-oldrel-macos-arm64, r-oldrel-macos-x86_64, r-oldrel-windows-ix86+x86_64