CRAN Package Check Results for Package lspartition

Last updated on 2024-03-03 04:48:40 CET.

Flavor Version Tinstall Tcheck Ttotal Status Flags
r-devel-linux-x86_64-debian-clang 0.4 13.10 101.01 114.11 NOTE
r-devel-linux-x86_64-debian-gcc 0.4 10.41 77.35 87.76 NOTE
r-devel-linux-x86_64-fedora-clang 0.4 155.32 NOTE
r-devel-linux-x86_64-fedora-gcc 0.4 139.32 NOTE
r-devel-windows-x86_64 0.4 14.00 86.00 100.00 NOTE
r-patched-linux-x86_64 0.4 20.14 98.17 118.31 NOTE
r-release-linux-x86_64 0.4 16.11 102.22 118.33 NOTE
r-release-macos-arm64 0.4 45.00 NOTE
r-release-macos-x86_64 0.4 76.00 NOTE
r-release-windows-x86_64 0.4 19.00 104.00 123.00 NOTE
r-oldrel-macos-arm64 0.4 42.00 NOTE
r-oldrel-windows-x86_64 0.4 19.00 105.00 124.00 NOTE

Check Details

Version: 0.4
Check: LazyData
Result: NOTE 'LazyData' is specified without a 'data' directory Flavors: r-devel-linux-x86_64-debian-clang, r-devel-linux-x86_64-debian-gcc, r-devel-linux-x86_64-fedora-clang, r-devel-linux-x86_64-fedora-gcc, r-devel-windows-x86_64, r-patched-linux-x86_64, r-release-linux-x86_64, r-release-macos-arm64, r-release-macos-x86_64, r-release-windows-x86_64, r-oldrel-macos-arm64, r-oldrel-windows-x86_64