Last updated on 2023-03-31 20:50:17 CEST.
Flavor | Version | Tinstall | Tcheck | Ttotal | Status | Flags |
---|---|---|---|---|---|---|
r-devel-linux-x86_64-debian-clang | 0.1.0 | 89.62 | 167.91 | 257.53 | NOTE | |
r-devel-linux-x86_64-debian-gcc | 0.1.0 | 68.46 | 130.99 | 199.45 | NOTE | |
r-devel-linux-x86_64-fedora-clang | 0.1.0 | 372.52 | NOTE | |||
r-devel-linux-x86_64-fedora-gcc | 0.1.0 | 365.20 | NOTE | |||
r-devel-windows-x86_64 | 0.1.0 | 81.00 | 0.00 | 81.00 | NOTE | |
r-patched-linux-x86_64 | 0.1.0 | 78.71 | 167.04 | 245.75 | NOTE | |
r-release-linux-x86_64 | 0.1.0 | 76.05 | 166.74 | 242.79 | OK | |
r-release-macos-arm64 | 0.1.0 | 101.00 | OK | |||
r-release-macos-x86_64 | 0.1.0 | 122.00 | OK | |||
r-release-windows-x86_64 | 0.1.0 | 72.00 | 236.00 | 308.00 | OK | |
r-oldrel-macos-arm64 | 0.1.0 | 102.00 | NOTE | |||
r-oldrel-macos-x86_64 | 0.1.0 | 186.00 | OK | |||
r-oldrel-windows-ix86+x86_64 | 0.1.0 | 217.00 | 248.00 | 465.00 | OK |
Version: 0.1.0
Check: C++ specification
Result: NOTE
Specified C++11: please drop specification unless essential
Flavors: r-devel-linux-x86_64-debian-clang, r-devel-linux-x86_64-debian-gcc, r-devel-linux-x86_64-fedora-clang, r-devel-linux-x86_64-fedora-gcc, r-devel-windows-x86_64, r-patched-linux-x86_64
Version: 0.1.0
Check: installed package size
Result: NOTE
installed size is 5.6Mb
sub-directories of 1Mb or more:
libs 5.2Mb
Flavor: r-oldrel-macos-arm64