Last updated on 2023-03-28 12:54:45 CEST.
Flavor | Version | Tinstall | Tcheck | Ttotal | Status | Flags |
---|---|---|---|---|---|---|
r-devel-linux-x86_64-debian-clang | 0.2.5 | 126.40 | 36.46 | 162.86 | NOTE | |
r-devel-linux-x86_64-debian-gcc | 0.2.5 | 96.49 | 28.85 | 125.34 | NOTE | |
r-devel-linux-x86_64-fedora-clang | 0.2.5 | 281.13 | NOTE | |||
r-devel-linux-x86_64-fedora-gcc | 0.2.5 | 231.98 | NOTE | |||
r-patched-linux-x86_64 | 0.2.5 | 106.95 | 34.98 | 141.93 | NOTE | |
r-release-linux-x86_64 | 0.2.5 | 108.52 | 36.52 | 145.04 | OK | |
r-release-macos-arm64 | 0.2.5 | 63.00 | OK | |||
r-release-macos-x86_64 | 0.2.5 | 74.00 | OK | |||
r-release-windows-x86_64 | 0.2.5 | 128.00 | 103.00 | 231.00 | OK | |
r-oldrel-macos-arm64 | 0.2.5 | 63.00 | OK | |||
r-oldrel-macos-x86_64 | 0.2.5 | 77.00 | OK | |||
r-oldrel-windows-ix86+x86_64 | 0.2.5 | 368.00 | 98.00 | 466.00 | OK |
Version: 0.2.5
Check: C++ specification
Result: NOTE
Specified C++11: please drop specification unless essential
Flavors: r-devel-linux-x86_64-debian-clang, r-devel-linux-x86_64-debian-gcc, r-devel-linux-x86_64-fedora-clang, r-devel-linux-x86_64-fedora-gcc, r-patched-linux-x86_64