Last updated on 2023-05-28 16:57:53 CEST.
Flavor | Version | Tinstall | Tcheck | Ttotal | Status | Flags |
---|---|---|---|---|---|---|
r-devel-linux-x86_64-debian-clang | 1.0 | 7.14 | 93.77 | 100.91 | OK | |
r-devel-linux-x86_64-debian-gcc | 1.0 | 5.38 | 72.01 | 77.39 | OK | |
r-devel-linux-x86_64-fedora-clang | 1.0 | 127.09 | NOTE | |||
r-devel-linux-x86_64-fedora-gcc | 1.0 | 130.61 | NOTE | |||
r-devel-windows-x86_64 | 1.0 | 7.00 | 101.00 | 108.00 | OK | |
r-patched-linux-x86_64 | 1.0 | 10.12 | 89.11 | 99.23 | OK | |
r-release-linux-x86_64 | 1.0 | 4.28 | 89.59 | 93.87 | OK | |
r-release-macos-arm64 | 1.0 | 51.00 | OK | |||
r-release-macos-x86_64 | 1.0 | 74.00 | OK | |||
r-release-windows-x86_64 | 1.0 | 10.00 | 117.00 | 127.00 | OK | |
r-oldrel-macos-arm64 | 1.0 | 54.00 | NOTE | |||
r-oldrel-macos-x86_64 | 1.0 | 89.00 | NOTE | |||
r-oldrel-windows-x86_64 | 1.0 | 10.00 | 112.00 | 122.00 | OK |
Version: 1.0
Check: dependencies in R code
Result: NOTE
Namespaces in Imports field not imported from:
‘e1071’ ‘utils’
All declared Imports should be used.
Flavors: r-devel-linux-x86_64-fedora-clang, r-devel-linux-x86_64-fedora-gcc, r-oldrel-macos-arm64, r-oldrel-macos-x86_64