CRAN Package Check Results for Package mSTEM

Last updated on 2022-01-26 23:50:25 CET.

Flavor Version Tinstall Tcheck Ttotal Status Flags
r-devel-linux-x86_64-debian-clang 1.0-1 1.64 31.61 33.25 NOTE
r-devel-linux-x86_64-debian-gcc 1.0-1 1.77 25.00 26.77 NOTE
r-devel-linux-x86_64-fedora-clang 1.0-1 44.36 NOTE
r-devel-linux-x86_64-fedora-gcc 1.0-1 32.59 NOTE
r-devel-windows-x86_64-new-UL 1.0-1 17.00 49.00 66.00 NOTE
r-devel-windows-x86_64-new-TK 1.0-1 NOTE
r-patched-linux-x86_64 1.0-1 2.28 30.73 33.01 NOTE
r-release-linux-x86_64 1.0-1 2.02 30.07 32.09 NOTE
r-release-macos-arm64 1.0-1 NOTE
r-release-macos-x86_64 1.0-1 NOTE
r-release-windows-ix86+x86_64 1.0-1 6.00 39.00 45.00 NOTE
r-oldrel-macos-x86_64 1.0-1 OK
r-oldrel-windows-ix86+x86_64 1.0-1 6.00 39.00 45.00 OK

Check Details

Version: 1.0-1
Check: LazyData
Result: NOTE
     'LazyData' is specified without a 'data' directory
Flavors: r-devel-linux-x86_64-debian-clang, r-devel-linux-x86_64-debian-gcc, r-devel-linux-x86_64-fedora-clang, r-devel-linux-x86_64-fedora-gcc, r-devel-windows-x86_64-new-UL, r-devel-windows-x86_64-new-TK, r-patched-linux-x86_64, r-release-linux-x86_64, r-release-macos-arm64, r-release-macos-x86_64, r-release-windows-ix86+x86_64