CRAN Package Check Results for Package mSTEM

Last updated on 2024-03-05 11:55:40 CET.

Flavor Version Tinstall Tcheck Ttotal Status Flags
r-devel-linux-x86_64-debian-clang 1.0-1 3.88 31.15 35.03 NOTE
r-devel-linux-x86_64-debian-gcc 1.0-1 2.86 24.29 27.15 NOTE
r-devel-linux-x86_64-fedora-clang 1.0-1 45.92 NOTE
r-devel-linux-x86_64-fedora-gcc 1.0-1 42.28 NOTE
r-devel-windows-x86_64 1.0-1 4.00 47.00 51.00 NOTE
r-patched-linux-x86_64 1.0-1 3.25 30.83 34.08 NOTE
r-release-linux-x86_64 1.0-1 3.38 30.06 33.44 NOTE
r-release-macos-arm64 1.0-1 19.00 NOTE
r-release-macos-x86_64 1.0-1 27.00 NOTE
r-release-windows-x86_64 1.0-1 5.00 50.00 55.00 NOTE
r-oldrel-macos-arm64 1.0-1 18.00 NOTE
r-oldrel-windows-x86_64 1.0-1 5.00 52.00 57.00 NOTE

Check Details

Version: 1.0-1
Check: LazyData
Result: NOTE 'LazyData' is specified without a 'data' directory Flavors: r-devel-linux-x86_64-debian-clang, r-devel-linux-x86_64-debian-gcc, r-devel-linux-x86_64-fedora-clang, r-devel-linux-x86_64-fedora-gcc, r-devel-windows-x86_64, r-patched-linux-x86_64, r-release-linux-x86_64, r-release-macos-arm64, r-release-macos-x86_64, r-release-windows-x86_64, r-oldrel-macos-arm64, r-oldrel-windows-x86_64