Last updated on 2023-10-02 09:04:55 CEST.
Flavor | Version | Tinstall | Tcheck | Ttotal | Status | Flags |
---|---|---|---|---|---|---|
r-devel-linux-x86_64-debian-clang | 1.0.7 | 2.66 | 62.70 | 65.36 | OK | |
r-devel-linux-x86_64-debian-gcc | 1.0.7 | 1.97 | 49.26 | 51.23 | OK | |
r-devel-linux-x86_64-fedora-clang | 1.0.7 | 82.50 | OK | |||
r-devel-linux-x86_64-fedora-gcc | 1.0.7 | 83.23 | OK | |||
r-devel-windows-x86_64 | 1.0.7 | 4.00 | 68.00 | 72.00 | OK | |
r-patched-linux-x86_64 | 1.0.7 | 2.88 | 53.71 | 56.59 | OK | |
r-release-linux-x86_64 | 1.0.7 | 2.62 | 54.50 | 57.12 | OK | |
r-release-macos-arm64 | 1.0.7 | 30.00 | OK | |||
r-release-macos-x86_64 | 1.0.7 | 34.00 | NOTE | |||
r-release-windows-x86_64 | 1.0.7 | 4.00 | 76.00 | 80.00 | OK | |
r-oldrel-macos-arm64 | 1.0.7 | 23.00 | OK | |||
r-oldrel-macos-x86_64 | 1.0.7 | 38.00 | OK | |||
r-oldrel-windows-x86_64 | 1.0.7 | 5.00 | 77.00 | 82.00 | OK |
Version: 1.0.7
Check: package dependencies
Result: NOTE
Package suggested but not available for checking: ‘ICAMS’
Flavor: r-release-macos-x86_64