CRAN Package Check Results for Package mSigTools

Last updated on 2024-06-23 12:55:45 CEST.

Flavor Version Tinstall Tcheck Ttotal Status Flags
r-devel-linux-x86_64-debian-clang 1.0.7 1.84 64.72 66.56 OK
r-devel-linux-x86_64-debian-gcc 1.0.7 2.04 50.17 52.21 OK
r-devel-linux-x86_64-fedora-clang 1.0.7 86.08 OK
r-devel-linux-x86_64-fedora-gcc 1.0.7 81.10 OK
r-devel-windows-x86_64 1.0.7 3.00 67.00 70.00 OK
r-patched-linux-x86_64 1.0.7 1.79 57.87 59.66 OK
r-release-linux-x86_64 1.0.7 2.57 58.93 61.50 OK
r-release-macos-arm64 1.0.7 27.00 OK
r-release-macos-x86_64 1.0.7 63.00 OK
r-release-windows-x86_64 1.0.7 3.00 69.00 72.00 OK
r-oldrel-macos-arm64 1.0.7 30.00 OK
r-oldrel-macos-x86_64 1.0.7 34.00 NOTE
r-oldrel-windows-x86_64 1.0.7 3.00 78.00 81.00 OK

Check Details

Version: 1.0.7
Check: package dependencies
Result: NOTE Package suggested but not available for checking: ‘ICAMS’ Flavor: r-oldrel-macos-x86_64