CRAN Package Check Results for Package manydata

Last updated on 2024-03-02 12:48:22 CET.

Flavor Version Tinstall Tcheck Ttotal Status Flags
r-devel-linux-x86_64-debian-clang 0.9.2 11.19 95.31 106.50 OK
r-devel-linux-x86_64-debian-gcc 0.9.2 8.55 71.66 80.21 OK
r-devel-linux-x86_64-fedora-clang 0.9.2 135.79 NOTE
r-devel-linux-x86_64-fedora-gcc 0.9.2 123.73 NOTE
r-devel-windows-x86_64 0.9.2 10.00 94.00 104.00 OK
r-patched-linux-x86_64 0.9.2 9.76 92.83 102.59 OK
r-release-linux-x86_64 0.9.2 6.70 90.76 97.46 OK
r-release-macos-arm64 0.9.2 44.00 OK
r-release-macos-x86_64 0.9.2 91.00 OK
r-release-windows-x86_64 0.9.2 12.00 113.00 125.00 OK
r-oldrel-macos-arm64 0.9.2 44.00 OK
r-oldrel-windows-x86_64 0.9.2 13.00 131.00 144.00 OK

Check Details

Version: 0.9.2
Check: data for non-ASCII characters
Result: NOTE Note: found 3 marked UTF-8 strings Flavors: r-devel-linux-x86_64-fedora-clang, r-devel-linux-x86_64-fedora-gcc