CRAN Package Check Results for Package mapStats

Last updated on 2019-05-19 20:46:57 CEST.

Flavor Version Tinstall Tcheck Ttotal Status Flags
r-devel-linux-x86_64-debian-clang 2.4 10.55 97.43 107.98 NOTE
r-devel-linux-x86_64-debian-gcc 2.4 8.72 74.39 83.11 NOTE
r-devel-linux-x86_64-fedora-clang 2.4 129.87 NOTE
r-devel-linux-x86_64-fedora-gcc 2.4 123.12 NOTE
r-devel-windows-ix86+x86_64 2.4 32.00 174.00 206.00 NOTE
r-patched-linux-x86_64 2.4 9.53 92.90 102.43 NOTE
r-patched-solaris-x86 2.4 200.80 NOTE
r-release-linux-x86_64 2.4 11.79 93.01 104.80 NOTE
r-release-windows-ix86+x86_64 2.4 46.00 203.00 249.00 NOTE
r-release-osx-x86_64 2.4 NOTE
r-oldrel-windows-ix86+x86_64 2.4 33.00 195.00 228.00 NOTE
r-oldrel-osx-x86_64 2.4 NOTE

Check Details

Version: 2.4
Check: R code for possible problems
Result: NOTE
    calcStats: no visible global function definition for 'as.formula'
    calcStats: no visible global function definition for 'na.omit'
    Undefined global functions or variables:
     as.formula na.omit
    Consider adding
     importFrom("stats", "as.formula", "na.omit")
    to your NAMESPACE file.
Flavors: r-devel-linux-x86_64-debian-clang, r-devel-linux-x86_64-debian-gcc, r-devel-linux-x86_64-fedora-clang, r-devel-linux-x86_64-fedora-gcc, r-devel-windows-ix86+x86_64, r-patched-linux-x86_64, r-patched-solaris-x86, r-release-linux-x86_64, r-release-windows-ix86+x86_64, r-release-osx-x86_64, r-oldrel-windows-ix86+x86_64, r-oldrel-osx-x86_64