CRAN Package Check Results for Package mapStats

Last updated on 2019-10-18 20:46:21 CEST.

Flavor Version Tinstall Tcheck Ttotal Status Flags
r-devel-linux-x86_64-debian-clang 2.4 10.50 93.71 104.21 NOTE
r-devel-linux-x86_64-debian-gcc 2.4 7.99 72.37 80.36 NOTE
r-devel-linux-x86_64-fedora-clang 2.4 126.30 NOTE
r-devel-linux-x86_64-fedora-gcc 2.4 126.74 NOTE
r-devel-windows-ix86+x86_64 2.4 55.00 127.00 182.00 NOTE
r-patched-linux-x86_64 2.4 10.06 89.06 99.12 NOTE
r-patched-solaris-x86 2.4 198.40 NOTE
r-release-linux-x86_64 2.4 8.49 89.23 97.72 NOTE
r-release-windows-ix86+x86_64 2.4 31.00 176.00 207.00 NOTE
r-release-osx-x86_64 2.4 NOTE
r-oldrel-windows-ix86+x86_64 2.4 18.00 109.00 127.00 NOTE
r-oldrel-osx-x86_64 2.4 NOTE

Check Details

Version: 2.4
Check: R code for possible problems
Result: NOTE
    calcStats: no visible global function definition for 'as.formula'
    calcStats: no visible global function definition for 'na.omit'
    Undefined global functions or variables:
     as.formula na.omit
    Consider adding
     importFrom("stats", "as.formula", "na.omit")
    to your NAMESPACE file.
Flavors: r-devel-linux-x86_64-debian-clang, r-devel-linux-x86_64-debian-gcc, r-devel-linux-x86_64-fedora-clang, r-devel-linux-x86_64-fedora-gcc, r-devel-windows-ix86+x86_64, r-patched-linux-x86_64, r-patched-solaris-x86, r-release-linux-x86_64, r-release-windows-ix86+x86_64, r-release-osx-x86_64, r-oldrel-windows-ix86+x86_64, r-oldrel-osx-x86_64