CRAN Package Check Results for Package mapedit

Last updated on 2024-06-23 12:55:44 CEST.

Flavor Version Tinstall Tcheck Ttotal Status Flags
r-devel-linux-x86_64-debian-clang 0.6.0 6.29 57.96 64.25 NOTE
r-devel-linux-x86_64-debian-gcc 0.6.0 4.27 43.21 47.48 NOTE
r-devel-linux-x86_64-fedora-clang 0.6.0 77.80 NOTE
r-devel-linux-x86_64-fedora-gcc 0.6.0 73.30 NOTE
r-devel-windows-x86_64 0.6.0 6.00 60.00 66.00 NOTE
r-patched-linux-x86_64 0.6.0 11.22 55.02 66.24 NOTE
r-release-linux-x86_64 0.6.0 3.47 55.14 58.61 NOTE
r-release-macos-arm64 0.6.0 27.00 NOTE
r-release-macos-x86_64 0.6.0 37.00 NOTE
r-release-windows-x86_64 0.6.0 6.00 60.00 66.00 NOTE
r-oldrel-macos-arm64 0.6.0 29.00 NOTE
r-oldrel-macos-x86_64 0.6.0 38.00 NOTE
r-oldrel-windows-x86_64 0.6.0 8.00 71.00 79.00 NOTE

Check Details

Version: 0.6.0
Check: package subdirectories
Result: NOTE Problems with news in ‘NEWS.md’: Cannot extract version info from the following section titles: Bug Fixes Flavors: r-devel-linux-x86_64-debian-clang, r-devel-linux-x86_64-debian-gcc, r-devel-linux-x86_64-fedora-clang, r-devel-linux-x86_64-fedora-gcc, r-devel-windows-x86_64, r-patched-linux-x86_64, r-release-linux-x86_64, r-release-macos-arm64, r-release-macos-x86_64, r-release-windows-x86_64, r-oldrel-macos-arm64, r-oldrel-macos-x86_64, r-oldrel-windows-x86_64

Version: 0.6.0
Check: LazyData
Result: NOTE 'LazyData' is specified without a 'data' directory Flavors: r-devel-linux-x86_64-debian-clang, r-devel-linux-x86_64-debian-gcc, r-devel-linux-x86_64-fedora-clang, r-devel-linux-x86_64-fedora-gcc, r-devel-windows-x86_64, r-patched-linux-x86_64, r-release-linux-x86_64, r-release-macos-arm64, r-release-macos-x86_64, r-release-windows-x86_64, r-oldrel-macos-arm64, r-oldrel-macos-x86_64, r-oldrel-windows-x86_64