Last updated on 2023-12-01 15:53:40 CET.
Flavor | Version | Tinstall | Tcheck | Ttotal | Status | Flags |
---|---|---|---|---|---|---|
r-devel-linux-x86_64-debian-clang | 0.6.0 | 5.66 | 55.50 | 61.16 | NOTE | |
r-devel-linux-x86_64-debian-gcc | 0.6.0 | 4.46 | 42.18 | 46.64 | NOTE | |
r-devel-linux-x86_64-fedora-clang | 0.6.0 | 75.85 | NOTE | |||
r-devel-linux-x86_64-fedora-gcc | 0.6.0 | 77.16 | NOTE | |||
r-devel-windows-x86_64 | 0.6.0 | 6.00 | 61.00 | 67.00 | NOTE | |
r-patched-linux-x86_64 | 0.6.0 | 10.99 | 53.59 | 64.58 | NOTE | |
r-release-linux-x86_64 | 0.6.0 | 3.31 | 53.21 | 56.52 | NOTE | |
r-release-macos-arm64 | 0.6.0 | 29.00 | NOTE | |||
r-release-macos-x86_64 | 0.6.0 | 38.00 | NOTE | |||
r-release-windows-x86_64 | 0.6.0 | 8.00 | 72.00 | 80.00 | NOTE | |
r-oldrel-macos-arm64 | 0.6.0 | 23.00 | NOTE | |||
r-oldrel-macos-x86_64 | 0.6.0 | 41.00 | NOTE | |||
r-oldrel-windows-x86_64 | 0.6.0 | 9.00 | 75.00 | 84.00 | NOTE |
Version: 0.6.0
Check: package subdirectories
Result: NOTE
Problems with news in ‘NEWS.md’:
Cannot extract version info from the following section titles:
Bug Fixes
Flavors: r-devel-linux-x86_64-debian-clang, r-devel-linux-x86_64-debian-gcc, r-devel-linux-x86_64-fedora-clang, r-devel-linux-x86_64-fedora-gcc, r-devel-windows-x86_64, r-patched-linux-x86_64, r-release-linux-x86_64, r-release-macos-arm64, r-release-macos-x86_64, r-release-windows-x86_64
Version: 0.6.0
Check: LazyData
Result: NOTE
'LazyData' is specified without a 'data' directory
Flavors: r-devel-linux-x86_64-debian-clang, r-devel-linux-x86_64-debian-gcc, r-devel-linux-x86_64-fedora-clang, r-devel-linux-x86_64-fedora-gcc, r-devel-windows-x86_64, r-patched-linux-x86_64, r-release-linux-x86_64, r-release-macos-arm64, r-release-macos-x86_64, r-release-windows-x86_64, r-oldrel-macos-arm64, r-oldrel-macos-x86_64, r-oldrel-windows-x86_64