CRAN Package Check Results for Package mappp

Last updated on 2024-03-03 04:48:40 CET.

Flavor Version Tinstall Tcheck Ttotal Status Flags
r-devel-linux-x86_64-debian-clang 1.0.0 1.85 23.50 25.35 OK
r-devel-linux-x86_64-debian-gcc 1.0.0 1.70 17.92 19.62 OK
r-devel-linux-x86_64-fedora-clang 1.0.0 32.64 NOTE
r-devel-linux-x86_64-fedora-gcc 1.0.0 31.13 NOTE
r-devel-windows-x86_64 1.0.0 3.00 44.00 47.00 OK
r-patched-linux-x86_64 1.0.0 1.89 22.41 24.30 OK
r-release-linux-x86_64 1.0.0 2.10 22.53 24.63 OK
r-release-macos-arm64 1.0.0 21.00 OK
r-release-macos-x86_64 1.0.0 26.00 OK
r-release-windows-x86_64 1.0.0 4.00 46.00 50.00 OK
r-oldrel-macos-arm64 1.0.0 20.00 NOTE
r-oldrel-windows-x86_64 1.0.0 3.00 49.00 52.00 OK

Additional issues

donttest

Check Details

Version: 1.0.0
Check: dependencies in R code
Result: NOTE Namespace in Imports field not imported from: ‘pbmcapply’ All declared Imports should be used. Flavors: r-devel-linux-x86_64-fedora-clang, r-devel-linux-x86_64-fedora-gcc, r-oldrel-macos-arm64