Last updated on 2023-03-23 03:53:24 CET.
Flavor | Version | Tinstall | Tcheck | Ttotal | Status | Flags |
---|---|---|---|---|---|---|
r-devel-linux-x86_64-debian-clang | 0.2.69 | 74.15 | 333.70 | 407.85 | NOTE | |
r-devel-linux-x86_64-debian-gcc | 0.2.69 | 59.39 | 248.66 | 308.05 | NOTE | |
r-devel-linux-x86_64-fedora-clang | 0.2.69 | 521.32 | NOTE | |||
r-devel-linux-x86_64-fedora-gcc | 0.2.69 | 522.80 | NOTE | |||
r-patched-linux-x86_64 | 0.2.69 | 67.26 | 316.36 | 383.62 | NOTE | |
r-release-linux-x86_64 | 0.2.69 | 61.43 | 319.69 | 381.12 | NOTE | |
r-release-macos-arm64 | 0.2.69 | 161.00 | NOTE | |||
r-release-macos-x86_64 | 0.2.69 | 182.00 | NOTE | |||
r-release-windows-x86_64 | 0.2.69 | 108.00 | 465.00 | 573.00 | NOTE | |
r-oldrel-macos-arm64 | 0.2.69 | 149.00 | NOTE | |||
r-oldrel-macos-x86_64 | 0.2.69 | 189.00 | NOTE | |||
r-oldrel-windows-ix86+x86_64 | 0.2.69 | 157.00 | 497.00 | 654.00 | NOTE |
Version: 0.2.69
Check: package dependencies
Result: NOTE
Package suggested but not available for checking: ‘flashier’
Flavors: r-devel-linux-x86_64-debian-clang, r-devel-linux-x86_64-debian-gcc, r-devel-linux-x86_64-fedora-clang, r-devel-linux-x86_64-fedora-gcc, r-patched-linux-x86_64, r-release-linux-x86_64, r-release-macos-arm64, r-release-macos-x86_64, r-release-windows-x86_64, r-oldrel-macos-arm64, r-oldrel-macos-x86_64, r-oldrel-windows-ix86+x86_64
Version: 0.2.69
Check: C++ specification
Result: NOTE
Specified C++11: please drop specification unless essential
Flavors: r-devel-linux-x86_64-debian-clang, r-devel-linux-x86_64-debian-gcc, r-devel-linux-x86_64-fedora-clang, r-devel-linux-x86_64-fedora-gcc
Version: 0.2.69
Check: dependencies in R code
Result: NOTE
Namespace in Imports field not imported from: ‘softImpute’
All declared Imports should be used.
Flavors: r-devel-linux-x86_64-fedora-clang, r-devel-linux-x86_64-fedora-gcc, r-release-macos-arm64, r-release-macos-x86_64, r-oldrel-macos-arm64, r-oldrel-macos-x86_64
Version: 0.2.69
Check: installed package size
Result: NOTE
installed size is 8.7Mb
sub-directories of 1Mb or more:
libs 7.7Mb
Flavors: r-release-macos-arm64, r-release-macos-x86_64, r-oldrel-macos-arm64, r-oldrel-macos-x86_64