Last updated on 2023-03-28 09:53:50 CEST.
Flavor | Version | Tinstall | Tcheck | Ttotal | Status | Flags |
---|---|---|---|---|---|---|
r-devel-linux-x86_64-debian-clang | 1.3.3 | 78.42 | 41.85 | 120.27 | NOTE | |
r-devel-linux-x86_64-debian-gcc | 1.3.3 | 54.63 | 32.88 | 87.51 | NOTE | |
r-devel-linux-x86_64-fedora-clang | 1.3.3 | 171.07 | NOTE | |||
r-devel-linux-x86_64-fedora-gcc | 1.3.3 | 161.02 | NOTE | |||
r-patched-linux-x86_64 | 1.3.3 | 52.42 | 41.15 | 93.57 | NOTE | |
r-release-linux-x86_64 | 1.3.3 | 59.02 | 41.18 | 100.20 | OK | |
r-release-macos-arm64 | 1.3.3 | 39.00 | OK | |||
r-release-macos-x86_64 | 1.3.3 | 54.00 | OK | |||
r-release-windows-x86_64 | 1.3.3 | 149.00 | 105.00 | 254.00 | OK | |
r-oldrel-macos-arm64 | 1.3.3 | 43.00 | OK | |||
r-oldrel-macos-x86_64 | 1.3.3 | 79.00 | OK | |||
r-oldrel-windows-ix86+x86_64 | 1.3.3 | 174.00 | 106.00 | 280.00 | OK |
Version: 1.3.3
Check: C++ specification
Result: NOTE
Specified C++11: please drop specification unless essential
Flavors: r-devel-linux-x86_64-debian-clang, r-devel-linux-x86_64-debian-gcc, r-devel-linux-x86_64-fedora-clang, r-devel-linux-x86_64-fedora-gcc, r-patched-linux-x86_64