Last updated on 2023-03-25 19:54:08 CET.
Flavor | Version | Tinstall | Tcheck | Ttotal | Status | Flags |
---|---|---|---|---|---|---|
r-devel-linux-x86_64-debian-clang | 0.8.2 | 23.42 | 61.19 | 84.61 | NOTE | |
r-devel-linux-x86_64-debian-gcc | 0.8.2 | 17.77 | 46.00 | 63.77 | NOTE | |
r-devel-linux-x86_64-fedora-clang | 0.8.2 | 112.74 | NOTE | |||
r-devel-linux-x86_64-fedora-gcc | 0.8.2 | 114.49 | NOTE | |||
r-patched-linux-x86_64 | 0.8.2 | 19.32 | 56.93 | 76.25 | NOTE | |
r-release-linux-x86_64 | 0.8.2 | 18.55 | 58.44 | 76.99 | NOTE | |
r-release-macos-arm64 | 0.8.2 | 35.00 | NOTE | |||
r-release-macos-x86_64 | 0.8.2 | 62.00 | NOTE | |||
r-release-windows-x86_64 | 0.8.2 | 40.00 | 126.00 | 166.00 | NOTE | |
r-oldrel-macos-arm64 | 0.8.2 | 45.00 | NOTE | |||
r-oldrel-macos-x86_64 | 0.8.2 | 54.00 | NOTE | |||
r-oldrel-windows-ix86+x86_64 | 0.8.2 | 56.00 | 114.00 | 170.00 | NOTE |
Version: 0.8.2
Check: LazyData
Result: NOTE
'LazyData' is specified without a 'data' directory
Flavors: r-devel-linux-x86_64-debian-clang, r-devel-linux-x86_64-debian-gcc, r-devel-linux-x86_64-fedora-clang, r-devel-linux-x86_64-fedora-gcc, r-patched-linux-x86_64, r-release-linux-x86_64, r-release-macos-arm64, r-release-macos-x86_64, r-release-windows-x86_64, r-oldrel-macos-arm64, r-oldrel-macos-x86_64, r-oldrel-windows-ix86+x86_64