Last updated on 2025-04-30 01:50:26 CEST.
Flavor | Version | Tinstall | Tcheck | Ttotal | Status | Flags |
---|---|---|---|---|---|---|
r-devel-linux-x86_64-debian-clang | 0.8.2 | 14.74 | 59.08 | 73.82 | OK | |
r-devel-linux-x86_64-debian-gcc | 0.8.2 | 9.90 | 43.12 | 53.02 | OK | |
r-devel-linux-x86_64-fedora-clang | 0.8.2 | 105.78 | OK | |||
r-devel-linux-x86_64-fedora-gcc | 0.8.2 | 114.02 | OK | |||
r-devel-windows-x86_64 | 0.8.2 | 18.00 | 93.00 | 111.00 | OK | |
r-patched-linux-x86_64 | 0.8.2 | 13.60 | 53.59 | 67.19 | OK | |
r-release-linux-x86_64 | 0.8.2 | 12.07 | 53.89 | 65.96 | OK | |
r-release-macos-arm64 | 0.8.2 | 61.00 | OK | |||
r-release-macos-x86_64 | 0.8.2 | 73.00 | OK | |||
r-release-windows-x86_64 | 0.8.2 | 19.00 | 108.00 | 127.00 | OK | |
r-oldrel-macos-arm64 | 0.8.2 | 41.00 | NOTE | |||
r-oldrel-macos-x86_64 | 0.8.2 | 61.00 | NOTE | |||
r-oldrel-windows-x86_64 | 0.8.2 | 22.00 | 114.00 | 136.00 | NOTE |
Version: 0.8.2
Check: LazyData
Result: NOTE
'LazyData' is specified without a 'data' directory
Flavors: r-oldrel-macos-arm64, r-oldrel-macos-x86_64, r-oldrel-windows-x86_64