Last updated on 2023-12-04 00:52:46 CET.
Flavor | Version | Tinstall | Tcheck | Ttotal | Status | Flags |
---|---|---|---|---|---|---|
r-devel-linux-x86_64-debian-clang | 1.5-2 | 9.80 | 133.61 | 143.41 | NOTE | |
r-devel-linux-x86_64-debian-gcc | 1.5-2 | 5.85 | 98.23 | 104.08 | NOTE | |
r-devel-linux-x86_64-fedora-clang | 1.5-2 | 173.53 | NOTE | |||
r-devel-linux-x86_64-fedora-gcc | 1.5-2 | 178.03 | NOTE | |||
r-devel-windows-x86_64 | 1.5-2 | 9.00 | 154.00 | 163.00 | NOTE | |
r-patched-linux-x86_64 | 1.5-2 | 11.82 | 126.70 | 138.52 | NOTE | |
r-release-linux-x86_64 | 1.5-2 | 9.16 | 124.51 | 133.67 | NOTE | |
r-release-macos-arm64 | 1.5-2 | 76.00 | NOTE | |||
r-release-macos-x86_64 | 1.5-2 | 112.00 | NOTE | |||
r-release-windows-x86_64 | 1.5-2 | 10.00 | 168.00 | 178.00 | NOTE | |
r-oldrel-macos-arm64 | 1.5-2 | 87.00 | NOTE | |||
r-oldrel-macos-x86_64 | 1.5-2 | 87.00 | OK | |||
r-oldrel-windows-x86_64 | 1.5-2 | 13.00 | 168.00 | 181.00 | OK |
Version: 1.5-2
Check: Rd files
Result: NOTE
checkRd: (-1) maxControl.Rd:83: Escaped LaTeX specials: \&
checkRd: (-1) maxNR.Rd:233: Lost braces in \itemize; \value handles \item{}{} directly
checkRd: (-1) maxNR.Rd:234-235: Lost braces in \itemize; \value handles \item{}{} directly
checkRd: (-1) maxNR.Rd:236-241: Lost braces in \itemize; \value handles \item{}{} directly
checkRd: (-1) maxNR.Rd:242: Lost braces in \itemize; \value handles \item{}{} directly
checkRd: (-1) maxNR.Rd:243: Lost braces in \itemize; \value handles \item{}{} directly
checkRd: (-1) maxNR.Rd:244: Lost braces in \itemize; \value handles \item{}{} directly
checkRd: (-1) maxNR.Rd:245: Lost braces in \itemize; \value handles \item{}{} directly
checkRd: (-1) maxNR.Rd:246-247: Lost braces in \itemize; \value handles \item{}{} directly
checkRd: (-1) maxNR.Rd:248-250: Lost braces in \itemize; \value handles \item{}{} directly
checkRd: (-1) maxNR.Rd:251: Lost braces in \itemize; \value handles \item{}{} directly
checkRd: (-1) maxNR.Rd:266: Lost braces in \itemize; \value handles \item{}{} directly
checkRd: (-1) maxNR.Rd:267: Lost braces in \itemize; \value handles \item{}{} directly
checkRd: (-1) maxNR.Rd:268: Lost braces in \itemize; \value handles \item{}{} directly
checkRd: (-1) maxNR.Rd:274: Lost braces in \itemize; \value handles \item{}{} directly
checkRd: (-1) maxNR.Rd:275: Lost braces in \itemize; \value handles \item{}{} directly
checkRd: (-1) maxNR.Rd:276: Lost braces in \itemize; \value handles \item{}{} directly
checkRd: (-1) returnCode.Rd:39: Lost braces in \itemize; meant \describe ?
checkRd: (-1) returnCode.Rd:40-41: Lost braces in \itemize; meant \describe ?
checkRd: (-1) returnCode.Rd:42-47: Lost braces in \itemize; meant \describe ?
checkRd: (-1) returnCode.Rd:48: Lost braces in \itemize; meant \describe ?
checkRd: (-1) returnCode.Rd:49: Lost braces in \itemize; meant \describe ?
checkRd: (-1) returnCode.Rd:50: Lost braces in \itemize; meant \describe ?
checkRd: (-1) returnCode.Rd:51: Lost braces in \itemize; meant \describe ?
checkRd: (-1) returnCode.Rd:52-53: Lost braces in \itemize; meant \describe ?
checkRd: (-1) returnCode.Rd:54-57: Lost braces in \itemize; meant \describe ?
checkRd: (-1) returnCode.Rd:58-61: Lost braces in \itemize; meant \describe ?
checkRd: (-1) returnCode.Rd:62: Lost braces in \itemize; meant \describe ?
Flavors: r-devel-linux-x86_64-debian-clang, r-devel-linux-x86_64-debian-gcc
Version: 1.5-2
Check: Rd files
Result: NOTE
checkRd: (-1) maxControl.Rd:83: Escaped LaTeX specials: \&
Flavors: r-devel-linux-x86_64-fedora-clang, r-devel-linux-x86_64-fedora-gcc, r-devel-windows-x86_64, r-patched-linux-x86_64, r-release-linux-x86_64, r-release-macos-arm64, r-release-macos-x86_64, r-release-windows-x86_64
Version: 1.5-2
Check: re-building of vignette outputs
Result: NOTE
Error(s) in re-building vignettes:
--- re-building ‘intro-to-maximum-likelihood.Rnw’ using Sweave
Loading required package: miscTools
Please cite the 'maxLik' package as:
Henningsen, Arne and Toomet, Ott (2011). maxLik: A package for maximum likelihood estimation in R. Computational Statistics 26(3), 443-458. DOI 10.1007/s00180-010-0217-1.
If you have questions, suggestions, or comments regarding the 'maxLik' package, please use a forum or 'tracker' at maxLik's R-Forge site:
https://r-forge.r-project.org/projects/maxlik/
Warning in log(sigma) : NaNs produced
Loading required package: plot3D
--- finished re-building ‘intro-to-maximum-likelihood.Rnw’
--- re-building ‘stochastic-gradient-maxLik.Rnw’ using Sweave
Loading required package: miscTools
Please cite the 'maxLik' package as:
Henningsen, Arne and Toomet, Ott (2011). maxLik: A package for maximum likelihood estimation in R. Computational Statistics 26(3), 443-458. DOI 10.1007/s00180-010-0217-1.
If you have questions, suggestions, or comments regarding the 'maxLik' package, please use a forum or 'tracker' at maxLik's R-Forge site:
https://r-forge.r-project.org/projects/maxlik/
--- finished re-building ‘stochastic-gradient-maxLik.Rnw’
--- re-building ‘using-maxlik.Rnw’ using Sweave
Loading required package: miscTools
Please cite the 'maxLik' package as:
Henningsen, Arne and Toomet, Ott (2011). maxLik: A package for maximum likelihood estimation in R. Computational Statistics 26(3), 443-458. DOI 10.1007/s00180-010-0217-1.
If you have questions, suggestions, or comments regarding the 'maxLik' package, please use a forum or 'tracker' at maxLik's R-Forge site:
https://r-forge.r-project.org/projects/maxlik/
Warning in dnorm(x, mean = mu, sd = sigma, log = TRUE) : NaNs produced
Warning in dnorm(x, mean = mu, sd = sigma, log = TRUE) : NaNs produced
Warning in dnorm(x, mean = mu, sd = sigma, log = TRUE) : NaNs produced
Warning in dnorm(x, mean = mu, sd = sigma, log = TRUE) : NaNs produced
Warning in dnorm(x, mean = mu, sd = sigma, log = TRUE) : NaNs produced
Warning in dnorm(x, mean = mu, sd = sigma, log = TRUE) : NaNs produced
Warning in dnorm(x, mean = mu, sd = sigma, log = TRUE) : NaNs produced
Warning in dnorm(x, mean = mu, sd = sigma, log = TRUE) : NaNs produced
Warning in dnorm(x, mean = mu, sd = sigma, log = TRUE) : NaNs produced
Warning in dnorm(x, mean = mu, sd = sigma, log = TRUE) : NaNs produced
Warning in dnorm(x, mean = mu, sd = sigma, log = TRUE) : NaNs produced
Warning in dnorm(x, mean = mu, sd = sigma, log = TRUE) : NaNs produced
Warning in dnorm(x, mean = mu, sd = sigma, log = TRUE) : NaNs produced
Warning in dnorm(x, mean = mu, sd = sigma, log = TRUE) : NaNs produced
Warning in dnorm(x, mean = mu, sd = sigma, log = TRUE) : NaNs produced
Warning in dnorm(x, mean = mu, sd = sigma, log = TRUE) : NaNs produced
Warning in dnorm(x, mean = mu, sd = sigma, log = TRUE) : NaNs produced
Warning in dnorm(x, mean = mu, sd = sigma, log = TRUE) : NaNs produced
Warning in dnorm(x, mean = mu, sd = sigma, log = TRUE) : NaNs produced
Warning in dnorm(x, mean = mu, sd = sigma, log = TRUE) : NaNs produced
Warning in dnorm(x, mean = mu, sd = sigma, log = TRUE) : NaNs produced
Warning in dnorm(x, mean = mu, sd = sigma, log = TRUE) : NaNs produced
Warning in dnorm(x, mean = mu, sd = sigma, log = TRUE) : NaNs produced
Warning in sqrt(diag(vc)) : NaNs produced
Warning in sqrt(diag(vc)) : NaNs produced
Warning in dnorm(x, mean = mu, sd = sigma, log = TRUE) : NaNs produced
Warning in dnorm(x, mean = mu, sd = sigma, log = TRUE) : NaNs produced
Warning in dnorm(x, mean = mu, sd = sigma, log = TRUE) : NaNs produced
Warning in dnorm(x, mean = mu, sd = sigma, log = TRUE) : NaNs produced
Warning in dnorm(x, mean = mu, sd = sigma, log = TRUE) : NaNs produced
Warning in dnorm(x, mean = mu, sd = sigma, log = TRUE) : NaNs produced
Warning in dnorm(x, mean = mu, sd = sigma, log = TRUE) : NaNs produced
Warning in dnorm(x, mean = mu, sd = sigma, log = TRUE) : NaNs produced
Warning in dnorm(x, mean = mu, sd = sigma, log = TRUE) : NaNs produced
Warning in dnorm(x, mean = mu, sd = sigma, log = TRUE) : NaNs produced
Warning in dnorm(x, mean = mu, sd = sigma, log = TRUE) : NaNs produced
Warning in dnorm(x, mean = mu, sd = sigma, log = TRUE) : NaNs produced
Warning in dnorm(x, mean = mu, sd = sigma, log = TRUE) : NaNs produced
Warning in dnorm(x, mean = mu, sd = sigma, log = TRUE) : NaNs produced
Warning in dnorm(x, mean = mu, sd = sigma, log = TRUE) : NaNs produced
Warning in dnorm(x, mean = mu, sd = sigma, log = TRUE) : NaNs produced
Warning in dnorm(x, mean = mu, sd = sigma, log = TRUE) : NaNs produced
Warning in dnorm(x, mean = mu, sd = sigma, log = TRUE) : NaNs produced
Warning in dnorm(x, mean = mu, sd = sigma, log = TRUE) : NaNs produced
Warning in dnorm(x, mean = mu, sd = sigma, log = TRUE) : NaNs produced
Warning in dnorm(x, mean = mu, sd = sigma, log = TRUE) : NaNs produced
Warning in dnorm(x, mean = mu, sd = sigma, log = TRUE) : NaNs produced
Warning in dnorm(x, mean = mu, sd = sigma, log = TRUE) : NaNs produced
Warning in dnorm(x, mean = mu, sd = sigma, log = TRUE) : NaNs produced
Warning in dnorm(x, mean = mu, sd = sigma, log = TRUE) : NaNs produced
Warning in dnorm(x, mean = mu, sd = sigma, log = TRUE) : NaNs produced
Warning in sqrt(diag(vc)) : NaNs produced
Warning in sqrt(diag(vc)) : NaNs produced
Error: processing vignette 'using-maxlik.Rnw' failed with diagnostics:
Running 'texi2dvi' on 'using-maxlik.tex' failed.
LaTeX errors:
!pdfTeX error: pdflatex (file bbm10): Font bbm10 at 600 not found
==> Fatal error occurred, no output PDF file produced!
--- failed re-building ‘using-maxlik.Rnw’
SUMMARY: processing the following file failed:
‘using-maxlik.Rnw’
Error: Vignette re-building failed.
Execution halted
Flavor: r-release-macos-arm64
Version: 1.5-2
Check: re-building of vignette outputs
Result: NOTE
Error(s) in re-building vignettes:
--- re-building ‘intro-to-maximum-likelihood.Rnw’ using Sweave
Loading required package: miscTools
Please cite the 'maxLik' package as:
Henningsen, Arne and Toomet, Ott (2011). maxLik: A package for maximum likelihood estimation in R. Computational Statistics 26(3), 443-458. DOI 10.1007/s00180-010-0217-1.
If you have questions, suggestions, or comments regarding the 'maxLik' package, please use a forum or 'tracker' at maxLik's R-Forge site:
https://r-forge.r-project.org/projects/maxlik/
Loading required package: plot3D
--- finished re-building ‘intro-to-maximum-likelihood.Rnw’
--- re-building ‘stochastic-gradient-maxLik.Rnw’ using Sweave
Loading required package: miscTools
Please cite the 'maxLik' package as:
Henningsen, Arne and Toomet, Ott (2011). maxLik: A package for maximum likelihood estimation in R. Computational Statistics 26(3), 443-458. DOI 10.1007/s00180-010-0217-1.
If you have questions, suggestions, or comments regarding the 'maxLik' package, please use a forum or 'tracker' at maxLik's R-Forge site:
https://r-forge.r-project.org/projects/maxlik/
--- finished re-building ‘stochastic-gradient-maxLik.Rnw’
--- re-building ‘using-maxlik.Rnw’ using Sweave
Loading required package: miscTools
Please cite the 'maxLik' package as:
Henningsen, Arne and Toomet, Ott (2011). maxLik: A package for maximum likelihood estimation in R. Computational Statistics 26(3), 443-458. DOI 10.1007/s00180-010-0217-1.
If you have questions, suggestions, or comments regarding the 'maxLik' package, please use a forum or 'tracker' at maxLik's R-Forge site:
https://r-forge.r-project.org/projects/maxlik/
Warning in dnorm(x, mean = mu, sd = sigma, log = TRUE) : NaNs produced
Warning in dnorm(x, mean = mu, sd = sigma, log = TRUE) : NaNs produced
Warning in dnorm(x, mean = mu, sd = sigma, log = TRUE) : NaNs produced
Warning in dnorm(x, mean = mu, sd = sigma, log = TRUE) : NaNs produced
Warning in dnorm(x, mean = mu, sd = sigma, log = TRUE) : NaNs produced
Warning in dnorm(x, mean = mu, sd = sigma, log = TRUE) : NaNs produced
Warning in dnorm(x, mean = mu, sd = sigma, log = TRUE) : NaNs produced
Warning in dnorm(x, mean = mu, sd = sigma, log = TRUE) : NaNs produced
Warning in dnorm(x, mean = mu, sd = sigma, log = TRUE) : NaNs produced
Warning in dnorm(x, mean = mu, sd = sigma, log = TRUE) : NaNs produced
Warning in dnorm(x, mean = mu, sd = sigma, log = TRUE) : NaNs produced
Warning in dnorm(x, mean = mu, sd = sigma, log = TRUE) : NaNs produced
Warning in dnorm(x, mean = mu, sd = sigma, log = TRUE) : NaNs produced
Warning in dnorm(x, mean = mu, sd = sigma, log = TRUE) : NaNs produced
Warning in dnorm(x, mean = mu, sd = sigma, log = TRUE) : NaNs produced
Warning in dnorm(x, mean = mu, sd = sigma, log = TRUE) : NaNs produced
Warning in dnorm(x, mean = mu, sd = sigma, log = TRUE) : NaNs produced
Warning in dnorm(x, mean = mu, sd = sigma, log = TRUE) : NaNs produced
Warning in dnorm(x, mean = mu, sd = sigma, log = TRUE) : NaNs produced
Warning in dnorm(x, mean = mu, sd = sigma, log = TRUE) : NaNs produced
Warning in dnorm(x, mean = mu, sd = sigma, log = TRUE) : NaNs produced
Warning in dnorm(x, mean = mu, sd = sigma, log = TRUE) : NaNs produced
Warning in dnorm(x, mean = mu, sd = sigma, log = TRUE) : NaNs produced
Warning in sqrt(diag(vc)) : NaNs produced
Warning in sqrt(diag(vc)) : NaNs produced
Warning in dnorm(x, mean = mu, sd = sigma, log = TRUE) : NaNs produced
Warning in dnorm(x, mean = mu, sd = sigma, log = TRUE) : NaNs produced
Warning in dnorm(x, mean = mu, sd = sigma, log = TRUE) : NaNs produced
Warning in dnorm(x, mean = mu, sd = sigma, log = TRUE) : NaNs produced
Warning in dnorm(x, mean = mu, sd = sigma, log = TRUE) : NaNs produced
Warning in dnorm(x, mean = mu, sd = sigma, log = TRUE) : NaNs produced
Warning in dnorm(x, mean = mu, sd = sigma, log = TRUE) : NaNs produced
Warning in dnorm(x, mean = mu, sd = sigma, log = TRUE) : NaNs produced
Warning in dnorm(x, mean = mu, sd = sigma, log = TRUE) : NaNs produced
Warning in dnorm(x, mean = mu, sd = sigma, log = TRUE) : NaNs produced
Warning in dnorm(x, mean = mu, sd = sigma, log = TRUE) : NaNs produced
Warning in dnorm(x, mean = mu, sd = sigma, log = TRUE) : NaNs produced
Warning in dnorm(x, mean = mu, sd = sigma, log = TRUE) : NaNs produced
Warning in dnorm(x, mean = mu, sd = sigma, log = TRUE) : NaNs produced
Warning in dnorm(x, mean = mu, sd = sigma, log = TRUE) : NaNs produced
Warning in dnorm(x, mean = mu, sd = sigma, log = TRUE) : NaNs produced
Warning in dnorm(x, mean = mu, sd = sigma, log = TRUE) : NaNs produced
Warning in dnorm(x, mean = mu, sd = sigma, log = TRUE) : NaNs produced
Warning in dnorm(x, mean = mu, sd = sigma, log = TRUE) : NaNs produced
Warning in dnorm(x, mean = mu, sd = sigma, log = TRUE) : NaNs produced
Warning in dnorm(x, mean = mu, sd = sigma, log = TRUE) : NaNs produced
Warning in dnorm(x, mean = mu, sd = sigma, log = TRUE) : NaNs produced
Warning in dnorm(x, mean = mu, sd = sigma, log = TRUE) : NaNs produced
Warning in dnorm(x, mean = mu, sd = sigma, log = TRUE) : NaNs produced
Warning in dnorm(x, mean = mu, sd = sigma, log = TRUE) : NaNs produced
Warning in dnorm(x, mean = mu, sd = sigma, log = TRUE) : NaNs produced
Warning in sqrt(diag(vc)) : NaNs produced
Warning in sqrt(diag(vc)) : NaNs produced
Error: processing vignette 'using-maxlik.Rnw' failed with diagnostics:
Running 'texi2dvi' on 'using-maxlik.tex' failed.
LaTeX errors:
! LaTeX Error: File `icomma.sty' not found.
Type X to quit or <RETURN> to proceed,
or enter new name. (Default extension: sty)
! Emergency stop.
<read *>
l.17 \usepackage
[utf8]{inputenc}^^M
! ==> Fatal error occurred, no output PDF file produced!
--- failed re-building ‘using-maxlik.Rnw’
SUMMARY: processing the following file failed:
‘using-maxlik.Rnw’
Error: Vignette re-building failed.
Execution halted
Flavor: r-release-macos-x86_64
Version: 1.5-2
Check: re-building of vignette outputs
Result: NOTE
Error(s) in re-building vignettes:
--- re-building ‘intro-to-maximum-likelihood.Rnw’ using Sweave
Loading required package: miscTools
Please cite the 'maxLik' package as:
Henningsen, Arne and Toomet, Ott (2011). maxLik: A package for maximum likelihood estimation in R. Computational Statistics 26(3), 443-458. DOI 10.1007/s00180-010-0217-1.
If you have questions, suggestions, or comments regarding the 'maxLik' package, please use a forum or 'tracker' at maxLik's R-Forge site:
https://r-forge.r-project.org/projects/maxlik/
Warning in log(sigma) : NaNs produced
Loading required package: plot3D
--- finished re-building ‘intro-to-maximum-likelihood.Rnw’
--- re-building ‘stochastic-gradient-maxLik.Rnw’ using Sweave
--- finished re-building ‘stochastic-gradient-maxLik.Rnw’
--- re-building ‘using-maxlik.Rnw’ using Sweave
Warning in dnorm(x, mean = mu, sd = sigma, log = TRUE) : NaNs produced
Warning in dnorm(x, mean = mu, sd = sigma, log = TRUE) : NaNs produced
Warning in dnorm(x, mean = mu, sd = sigma, log = TRUE) : NaNs produced
Warning in dnorm(x, mean = mu, sd = sigma, log = TRUE) : NaNs produced
Warning in dnorm(x, mean = mu, sd = sigma, log = TRUE) : NaNs produced
Warning in dnorm(x, mean = mu, sd = sigma, log = TRUE) : NaNs produced
Warning in dnorm(x, mean = mu, sd = sigma, log = TRUE) : NaNs produced
Warning in dnorm(x, mean = mu, sd = sigma, log = TRUE) : NaNs produced
Warning in dnorm(x, mean = mu, sd = sigma, log = TRUE) : NaNs produced
Warning in dnorm(x, mean = mu, sd = sigma, log = TRUE) : NaNs produced
Warning in dnorm(x, mean = mu, sd = sigma, log = TRUE) : NaNs produced
Warning in dnorm(x, mean = mu, sd = sigma, log = TRUE) : NaNs produced
Warning in dnorm(x, mean = mu, sd = sigma, log = TRUE) : NaNs produced
Warning in dnorm(x, mean = mu, sd = sigma, log = TRUE) : NaNs produced
Warning in dnorm(x, mean = mu, sd = sigma, log = TRUE) : NaNs produced
Warning in dnorm(x, mean = mu, sd = sigma, log = TRUE) : NaNs produced
Warning in dnorm(x, mean = mu, sd = sigma, log = TRUE) : NaNs produced
Warning in dnorm(x, mean = mu, sd = sigma, log = TRUE) : NaNs produced
Warning in dnorm(x, mean = mu, sd = sigma, log = TRUE) : NaNs produced
Warning in dnorm(x, mean = mu, sd = sigma, log = TRUE) : NaNs produced
Warning in dnorm(x, mean = mu, sd = sigma, log = TRUE) : NaNs produced
Warning in dnorm(x, mean = mu, sd = sigma, log = TRUE) : NaNs produced
Warning in dnorm(x, mean = mu, sd = sigma, log = TRUE) : NaNs produced
Warning in sqrt(diag(vc)) : NaNs produced
Warning in sqrt(diag(vc)) : NaNs produced
Warning in dnorm(x, mean = mu, sd = sigma, log = TRUE) : NaNs produced
Warning in dnorm(x, mean = mu, sd = sigma, log = TRUE) : NaNs produced
Warning in dnorm(x, mean = mu, sd = sigma, log = TRUE) : NaNs produced
Warning in dnorm(x, mean = mu, sd = sigma, log = TRUE) : NaNs produced
Warning in dnorm(x, mean = mu, sd = sigma, log = TRUE) : NaNs produced
Warning in dnorm(x, mean = mu, sd = sigma, log = TRUE) : NaNs produced
Warning in dnorm(x, mean = mu, sd = sigma, log = TRUE) : NaNs produced
Warning in dnorm(x, mean = mu, sd = sigma, log = TRUE) : NaNs produced
Warning in dnorm(x, mean = mu, sd = sigma, log = TRUE) : NaNs produced
Warning in dnorm(x, mean = mu, sd = sigma, log = TRUE) : NaNs produced
Warning in dnorm(x, mean = mu, sd = sigma, log = TRUE) : NaNs produced
Warning in dnorm(x, mean = mu, sd = sigma, log = TRUE) : NaNs produced
Warning in dnorm(x, mean = mu, sd = sigma, log = TRUE) : NaNs produced
Warning in dnorm(x, mean = mu, sd = sigma, log = TRUE) : NaNs produced
Warning in dnorm(x, mean = mu, sd = sigma, log = TRUE) : NaNs produced
Warning in dnorm(x, mean = mu, sd = sigma, log = TRUE) : NaNs produced
Warning in dnorm(x, mean = mu, sd = sigma, log = TRUE) : NaNs produced
Warning in dnorm(x, mean = mu, sd = sigma, log = TRUE) : NaNs produced
Warning in dnorm(x, mean = mu, sd = sigma, log = TRUE) : NaNs produced
Warning in dnorm(x, mean = mu, sd = sigma, log = TRUE) : NaNs produced
Warning in dnorm(x, mean = mu, sd = sigma, log = TRUE) : NaNs produced
Warning in dnorm(x, mean = mu, sd = sigma, log = TRUE) : NaNs produced
Warning in dnorm(x, mean = mu, sd = sigma, log = TRUE) : NaNs produced
Warning in dnorm(x, mean = mu, sd = sigma, log = TRUE) : NaNs produced
Warning in dnorm(x, mean = mu, sd = sigma, log = TRUE) : NaNs produced
Warning in dnorm(x, mean = mu, sd = sigma, log = TRUE) : NaNs produced
Error: processing vignette 'using-maxlik.Rnw' failed with diagnostics:
Running 'texi2dvi' on 'using-maxlik.tex' failed.
LaTeX errors:
!pdfTeX error: pdflatex (file bbm10): Font bbm10 at 600 not found
==> Fatal error occurred, no output PDF file produced!
--- failed re-building ‘using-maxlik.Rnw’
SUMMARY: processing the following file failed:
‘using-maxlik.Rnw’
Error: Vignette re-building failed.
Execution halted
Flavor: r-oldrel-macos-arm64