Last updated on 2023-04-02 09:56:45 CEST.
Flavor | Version | Tinstall | Tcheck | Ttotal | Status | Flags |
---|---|---|---|---|---|---|
r-devel-linux-x86_64-debian-clang | 2.9-7 | 20.22 | 374.50 | 394.72 | OK | |
r-devel-linux-x86_64-debian-gcc | 2.9-7 | 15.84 | 279.38 | 295.22 | OK | |
r-devel-linux-x86_64-fedora-clang | 2.9-7 | 527.57 | OK | |||
r-devel-linux-x86_64-fedora-gcc | 2.9-7 | 502.57 | OK | |||
r-devel-windows-x86_64 | 2.9-7 | 30.00 | 199.00 | 229.00 | OK | --no-vignettes |
r-patched-linux-x86_64 | 2.9-7 | 23.19 | 359.59 | 382.78 | OK | |
r-release-linux-x86_64 | 2.9-7 | 17.49 | 351.70 | 369.19 | OK | |
r-release-macos-arm64 | 2.9-7 | 8.00 | ERROR | |||
r-release-macos-x86_64 | 2.9-7 | 175.00 | OK | |||
r-release-windows-x86_64 | 2.9-7 | 41.00 | 193.00 | 234.00 | OK | --no-vignettes |
r-oldrel-macos-arm64 | 2.9-7 | 119.00 | OK | |||
r-oldrel-macos-x86_64 | 2.9-7 | 184.00 | OK | |||
r-oldrel-windows-ix86+x86_64 | 2.9-7 | 37.00 | 253.00 | 290.00 | NOTE | --no-vignettes |
Version: 2.9-7
Check: whether package can be installed
Result: ERROR
Installation failed.
Flavor: r-release-macos-arm64
Version: 2.9-7
Flags: --no-vignettes
Check: dependencies in R code
Result: NOTE
Initiating curl with CURL_SSL_BACKEND: openssl
Flavor: r-oldrel-windows-ix86+x86_64