CRAN Package Check Results for Package mbrglm

Last updated on 2023-12-06 11:52:30 CET.

Flavor Version Tinstall Tcheck Ttotal Status Flags
r-devel-linux-x86_64-debian-clang 0.0.1 3.42 25.57 28.99 OK
r-devel-linux-x86_64-debian-gcc 0.0.1 2.42 19.94 22.36 OK
r-devel-linux-x86_64-fedora-clang 0.0.1 36.24 NOTE
r-devel-linux-x86_64-fedora-gcc 0.0.1 35.26 NOTE
r-devel-windows-x86_64 0.0.1 5.00 44.00 49.00 OK
r-patched-linux-x86_64 0.0.1 2.78 25.24 28.02 OK
r-release-linux-x86_64 0.0.1 2.70 24.70 27.40 OK
r-release-macos-arm64 0.0.1 17.00 OK
r-release-macos-x86_64 0.0.1 23.00 OK
r-release-windows-x86_64 0.0.1 5.00 45.00 50.00 OK
r-oldrel-macos-arm64 0.0.1 18.00 OK
r-oldrel-macos-x86_64 0.0.1 23.00 OK
r-oldrel-windows-x86_64 0.0.1 6.00 51.00 57.00 OK

Check Details

Version: 0.0.1
Check: compiled code
Result: NOTE File ‘mbrglm/libs/mbrglm.so’: Found no calls to: ‘R_registerRoutines’, ‘R_useDynamicSymbols’ It is good practice to register native routines and to disable symbol search. See ‘Writing portable packages’ in the ‘Writing R Extensions’ manual. Flavors: r-devel-linux-x86_64-fedora-clang, r-devel-linux-x86_64-fedora-gcc