CRAN Package Check Results for Package mclust

Last updated on 2021-09-20 00:48:57 CEST.

Flavor Version Tinstall Tcheck Ttotal Status Flags
r-devel-linux-x86_64-debian-clang 5.4.7 39.54 242.65 282.19 OK
r-devel-linux-x86_64-debian-gcc 5.4.7 30.85 170.30 201.15 OK
r-devel-linux-x86_64-fedora-clang 5.4.7 347.61 NOTE
r-devel-linux-x86_64-fedora-gcc 5.4.7 337.51 OK
r-devel-windows-x86_64 5.4.7 44.00 226.00 270.00 NOTE
r-devel-windows-x86_64-gcc10-UCRT 5.4.7 ERROR
r-patched-linux-x86_64 5.4.7 39.64 232.86 272.50 OK
r-patched-solaris-x86 5.4.7 450.70 NOTE
r-release-linux-x86_64 5.4.7 39.02 231.23 270.25 OK
r-release-macos-arm64 5.4.7 NOTE
r-release-macos-x86_64 5.4.7 NOTE
r-release-windows-ix86+x86_64 5.4.7 80.00 314.00 394.00 NOTE
r-oldrel-macos-x86_64 5.4.7 NOTE
r-oldrel-windows-ix86+x86_64 5.4.7 80.00 303.00 383.00 NOTE

Check Details

Version: 5.4.7
Check: installed package size
Result: NOTE
     installed size is 5.9Mb
     sub-directories of 1Mb or more:
     doc 3.0Mb
Flavors: r-devel-linux-x86_64-fedora-clang, r-devel-windows-x86_64, r-patched-solaris-x86, r-release-macos-arm64, r-release-macos-x86_64, r-release-windows-ix86+x86_64, r-oldrel-macos-x86_64, r-oldrel-windows-ix86+x86_64

Version: 5.4.7
Check: whether package can be installed
Result: ERROR
    Installation failed.
Flavor: r-devel-windows-x86_64-gcc10-UCRT