CRAN Package Check Results for Package mclustAddons

Last updated on 2024-02-27 07:54:51 CET.

Flavor Version Tinstall Tcheck Ttotal Status Flags
r-devel-linux-x86_64-debian-clang 0.7.2 48.00 213.90 261.90 NOTE
r-devel-linux-x86_64-debian-gcc 0.7.2 35.66 140.02 175.68 NOTE
r-devel-linux-x86_64-fedora-clang 0.7.2 332.29 NOTE
r-devel-linux-x86_64-fedora-gcc 0.7.2 328.89 NOTE
r-devel-windows-x86_64 0.7.2 40.00 216.00 256.00 NOTE
r-patched-linux-x86_64 0.7.2 47.35 192.07 239.42 NOTE
r-release-linux-x86_64 0.7.2 48.62 192.43 241.05 NOTE
r-release-macos-arm64 0.7.2 165.00 NOTE
r-release-macos-x86_64 0.7.2 158.00 NOTE
r-release-windows-x86_64 0.7.2 51.00 245.00 296.00 NOTE
r-oldrel-macos-arm64 0.7.2 154.00 OK
r-oldrel-windows-x86_64 0.7.2 50.00 254.00 304.00 OK

Check Details

Version: 0.7.2
Check: C++ specification
Result: NOTE Specified C++14: please drop specification unless essential Flavors: r-devel-linux-x86_64-debian-clang, r-devel-linux-x86_64-debian-gcc, r-devel-linux-x86_64-fedora-clang, r-devel-linux-x86_64-fedora-gcc, r-devel-windows-x86_64, r-patched-linux-x86_64, r-release-linux-x86_64, r-release-macos-arm64, r-release-macos-x86_64, r-release-windows-x86_64