Last updated on 2023-03-31 08:54:05 CEST.
Flavor | Version | Tinstall | Tcheck | Ttotal | Status | Flags |
---|---|---|---|---|---|---|
r-devel-linux-x86_64-debian-clang | 0.7.2 | 51.31 | 205.15 | 256.46 | NOTE | |
r-devel-linux-x86_64-debian-gcc | 0.7.2 | 39.03 | 145.23 | 184.26 | NOTE | |
r-devel-linux-x86_64-fedora-clang | 0.7.2 | 319.59 | NOTE | |||
r-devel-linux-x86_64-fedora-gcc | 0.7.2 | 315.80 | NOTE | |||
r-devel-windows-x86_64 | 0.7.2 | 72.00 | 0.00 | 72.00 | NOTE | |
r-patched-linux-x86_64 | 0.7.2 | 41.89 | 199.15 | 241.04 | NOTE | |
r-release-linux-x86_64 | 0.7.2 | 41.98 | 203.75 | 245.73 | OK | |
r-release-macos-arm64 | 0.7.2 | 153.00 | OK | |||
r-release-macos-x86_64 | 0.7.2 | 114.00 | OK | |||
r-release-windows-x86_64 | 0.7.2 | 66.00 | 295.00 | 361.00 | OK | |
r-oldrel-macos-arm64 | 0.7.2 | 140.00 | OK | |||
r-oldrel-macos-x86_64 | 0.7.2 | 118.00 | OK | |||
r-oldrel-windows-ix86+x86_64 | 0.7.2 | 120.00 | 308.00 | 428.00 | OK |
Version: 0.7.2
Check: C++ specification
Result: NOTE
Specified C++14: please drop specification unless essential
Flavors: r-devel-linux-x86_64-debian-clang, r-devel-linux-x86_64-debian-gcc, r-devel-linux-x86_64-fedora-clang, r-devel-linux-x86_64-fedora-gcc, r-devel-windows-x86_64, r-patched-linux-x86_64