CRAN Package Check Results for Package mdendro

Last updated on 2021-09-19 04:53:11 CEST.

Flavor Version Tinstall Tcheck Ttotal Status Flags
r-devel-linux-x86_64-debian-clang 2.1.0 30.81 51.70 82.51 OK
r-devel-linux-x86_64-debian-gcc 2.1.0 19.78 39.27 59.05 OK
r-devel-linux-x86_64-fedora-clang 2.1.0 123.75 OK
r-devel-linux-x86_64-fedora-gcc 2.1.0 97.29 OK
r-devel-windows-x86_64 2.1.0 34.00 88.00 122.00 OK
r-devel-windows-x86_64-gcc10-UCRT 2.1.0 ERROR
r-patched-linux-x86_64 2.1.0 24.66 48.09 72.75 OK
r-patched-solaris-x86 2.1.0 258.10 ERROR
r-release-linux-x86_64 2.1.0 24.21 48.16 72.37 OK
r-release-macos-arm64 2.1.0 OK
r-release-macos-x86_64 2.1.0 OK
r-release-windows-ix86+x86_64 2.1.0 70.00 84.00 154.00 OK
r-oldrel-macos-x86_64 2.1.0 OK
r-oldrel-windows-ix86+x86_64 2.1.0 79.00 102.00 181.00 OK

Check Details

Version: 2.1.0
Check: whether package can be installed
Result: ERROR
    Installation failed.
Flavor: r-devel-windows-x86_64-gcc10-UCRT

Version: 2.1.0
Check: examples
Result: ERROR
    Running examples in ‘mdendro-Ex.R’ failed
    The error most likely occurred in:
    
    > ### Name: linkage
    > ### Title: Extended Agglomerative Hierarchical Clustering
    > ### Aliases: linkage descplot
    > ### Keywords: cluster
    >
    > ### ** Examples
    >
    > ## Plot and summary of unweighted arithmetic linkage (UPGMA) dendrogram
    > lnk1 <- linkage(UScitiesD)
    > plot(lnk1)
    > summary(lnk1)
    Call:
    linkage(prox = UScitiesD,
     type.prox = "distance",
     digits = 0,
     method = "arithmetic",
     weighted = FALSE,
     group = "variable")
    
    Binary dendrogram: TRUE
    
    Descriptive measures:
     cor sdr ac cc tb
    0.8101937 0.6998814 0.7059747 0.3055556 0.9316262
    >
    > ## Linkage of similarity data (non-negative correlations)
    > sim <- as.dist(cor(EuStockMarkets))
    > lnk2 <- linkage(sim, type.prox = "similarity")
    Error in rcppLinkage(prox = as.numeric(prox), isDistance = as.logical(type.prox == :
     std::bad_alloc
    Calls: linkage -> rcppLinkage
    Execution halted
Flavor: r-patched-solaris-x86