CRAN Package Check Results for Package mdgc

Last updated on 2021-12-01 15:52:02 CET.

Flavor Version Tinstall Tcheck Ttotal Status Flags
r-devel-linux-x86_64-debian-clang 0.1.5 140.99 90.30 231.29 OK
r-devel-linux-x86_64-debian-gcc 0.1.5 107.86 62.95 170.81 OK
r-devel-linux-x86_64-fedora-clang 0.1.5 355.88 NOTE
r-devel-linux-x86_64-fedora-gcc 0.1.5 310.26 OK
r-devel-windows-x86_64-new-UL 0.1.5 181.00 171.00 352.00 OK
r-devel-windows-x86_64-new-TK 0.1.5 OK
r-devel-windows-x86_64-old 0.1.5 177.00 106.00 283.00 OK
r-patched-linux-x86_64 0.1.5 116.52 87.00 203.52 OK
r-patched-solaris-x86 0.1.5 191.90 OK
r-release-linux-x86_64 0.1.5 123.46 85.03 208.49 OK
r-release-macos-arm64 0.1.5 NOTE
r-release-macos-x86_64 0.1.5 NOTE
r-release-windows-ix86+x86_64 0.1.5 350.00 169.00 519.00 OK
r-oldrel-macos-x86_64 0.1.5 NOTE
r-oldrel-windows-ix86+x86_64 0.1.5 267.00 159.00 426.00 OK

Check Details

Version: 0.1.5
Check: installed package size
Result: NOTE
     installed size is 10.4Mb
     sub-directories of 1Mb or more:
     libs 10.0Mb
Flavors: r-devel-linux-x86_64-fedora-clang, r-release-macos-arm64, r-release-macos-x86_64, r-oldrel-macos-x86_64