CRAN Package Check Results for Package mdmb

Last updated on 2021-10-27 13:08:04 CEST.

Flavor Version Tinstall Tcheck Ttotal Status Flags
r-devel-linux-x86_64-debian-clang 1.5-8 68.36 83.44 151.80 OK
r-devel-linux-x86_64-debian-gcc 1.5-8 51.45 61.21 112.66 OK
r-devel-linux-x86_64-fedora-clang 1.5-8 220.01 OK
r-devel-linux-x86_64-fedora-gcc 1.5-8 192.48 OK
r-devel-windows-x86_64 1.5-8 100.00 113.00 213.00 OK
r-devel-windows-x86_64-gcc10-UCRT 1.5-8 OK
r-patched-linux-x86_64 1.5-8 65.06 78.74 143.80 OK
r-patched-solaris-x86 1.5-8 220.20 OK
r-release-linux-x86_64 1.5-8 61.39 78.94 140.33 OK
r-release-macos-arm64 1.5-8 NOTE
r-release-macos-x86_64 1.5-8 OK
r-release-windows-ix86+x86_64 1.5-8 138.00 144.00 282.00 OK
r-oldrel-macos-x86_64 1.5-8 OK
r-oldrel-windows-ix86+x86_64 1.5-8 192.00 144.00 336.00 OK

Check Details

Version: 1.5-8
Check: package dependencies
Result: NOTE
    Package which this enhances but not available for checking: ‘JointAI’
Flavor: r-release-macos-arm64