Last updated on 2025-01-24 20:49:14 CET.
Flavor | Version | Tinstall | Tcheck | Ttotal | Status | Flags |
---|---|---|---|---|---|---|
r-devel-linux-x86_64-debian-clang | 0.2.8 | 35.36 | 68.81 | 104.17 | OK | |
r-devel-linux-x86_64-debian-gcc | 0.2.8 | 25.65 | 48.90 | 74.55 | OK | |
r-devel-linux-x86_64-fedora-clang | 0.2.8 | 164.65 | OK | |||
r-devel-linux-x86_64-fedora-gcc | 0.2.8 | 167.44 | OK | |||
r-devel-windows-x86_64 | 0.2.8 | 37.00 | 96.00 | 133.00 | OK | |
r-patched-linux-x86_64 | 0.2.8 | 38.72 | 65.18 | 103.90 | OK | |
r-release-linux-x86_64 | 0.2.8 | 31.47 | 63.77 | 95.24 | OK | |
r-release-macos-arm64 | 0.2.8 | 68.00 | NOTE | |||
r-release-macos-x86_64 | 0.2.8 | 194.00 | NOTE | |||
r-release-windows-x86_64 | 0.2.8 | 36.00 | 96.00 | 132.00 | OK | |
r-oldrel-macos-arm64 | 0.2.8 | 79.00 | NOTE | |||
r-oldrel-macos-x86_64 | 0.2.8 | 106.00 | NOTE | |||
r-oldrel-windows-x86_64 | 0.2.8 | 48.00 | 107.00 | 155.00 | OK |
Version: 0.2.8
Check: installed package size
Result: NOTE
installed size is 5.4Mb
sub-directories of 1Mb or more:
data 5.1Mb
Flavors: r-release-macos-arm64, r-release-macos-x86_64, r-oldrel-macos-arm64, r-oldrel-macos-x86_64