CRAN Package Check Results for Package mdsr

Last updated on 2024-03-04 16:02:03 CET.

Flavor Version Tinstall Tcheck Ttotal Status Flags
r-devel-linux-x86_64-debian-clang 0.2.7 40.11 81.73 121.84 NOTE
r-devel-linux-x86_64-debian-gcc 0.2.7 36.28 64.57 100.85 NOTE
r-devel-linux-x86_64-fedora-clang 0.2.7 159.88 NOTE
r-devel-linux-x86_64-fedora-gcc 0.2.7 155.27 NOTE
r-devel-windows-x86_64 0.2.7 36.00 88.00 124.00 NOTE
r-patched-linux-x86_64 0.2.7 42.05 81.87 123.92 OK
r-release-linux-x86_64 0.2.7 29.97 82.11 112.08 OK
r-release-macos-arm64 0.2.7 61.00 NOTE
r-release-macos-x86_64 0.2.7 97.00 NOTE
r-release-windows-x86_64 0.2.7 52.00 101.00 153.00 OK
r-oldrel-macos-arm64 0.2.7 75.00 NOTE
r-oldrel-windows-x86_64 0.2.7 53.00 107.00 160.00 OK

Check Details

Version: 0.2.7
Check: Rd files
Result: NOTE checkRd: (-1) Elections.Rd:8: Lost braces 8 | An object of class \\code{tbl_df} (inherits from \\code{tbl}, \\code{data.frame}) | ^ checkRd: (-1) Elections.Rd:8: Lost braces 8 | An object of class \\code{tbl_df} (inherits from \\code{tbl}, \\code{data.frame}) | ^ checkRd: (-1) Elections.Rd:8: Lost braces 8 | An object of class \\code{tbl_df} (inherits from \\code{tbl}, \\code{data.frame}) | ^ checkRd: (-1) Violations.Rd:39-45: Lost braces 39 | { | ^ Flavors: r-devel-linux-x86_64-debian-clang, r-devel-linux-x86_64-debian-gcc, r-devel-linux-x86_64-fedora-clang, r-devel-linux-x86_64-fedora-gcc, r-devel-windows-x86_64

Version: 0.2.7
Check: data for non-ASCII characters
Result: NOTE Note: found 2866 marked UTF-8 strings Flavors: r-devel-linux-x86_64-fedora-clang, r-devel-linux-x86_64-fedora-gcc

Version: 0.2.7
Check: installed package size
Result: NOTE installed size is 5.3Mb sub-directories of 1Mb or more: data 5.1Mb Flavors: r-release-macos-arm64, r-release-macos-x86_64, r-oldrel-macos-arm64