Last updated on 2023-12-02 12:48:23 CET.
Flavor | Version | Tinstall | Tcheck | Ttotal | Status | Flags |
---|---|---|---|---|---|---|
r-devel-linux-x86_64-debian-clang | 0.3.1 | 514.37 | 530.00 | 1044.37 | NOTE | |
r-devel-linux-x86_64-debian-gcc | 0.3.1 | 414.05 | 513.47 | 927.52 | NOTE | |
r-devel-linux-x86_64-fedora-clang | 0.3.1 | 1333.32 | NOTE | |||
r-devel-linux-x86_64-fedora-gcc | 0.3.1 | 1603.54 | NOTE | |||
r-devel-windows-x86_64 | 0.3.1 | 363.00 | 426.00 | 789.00 | NOTE | |
r-patched-linux-x86_64 | 0.3.1 | 391.19 | 624.45 | 1015.64 | NOTE | |
r-release-linux-x86_64 | 0.3.1 | 346.25 | 618.89 | 965.14 | NOTE | |
r-release-macos-arm64 | 0.3.1 | 353.00 | NOTE | |||
r-release-macos-x86_64 | 0.3.1 | 516.00 | NOTE | |||
r-release-windows-x86_64 | 0.3.1 | 485.00 | 579.00 | 1064.00 | NOTE | |
r-oldrel-macos-arm64 | 0.3.1 | 307.00 | NOTE | |||
r-oldrel-macos-x86_64 | 0.3.1 | 413.00 | NOTE | |||
r-oldrel-windows-x86_64 | 0.3.1 | 436.00 | 573.00 | 1009.00 | NOTE |
Version: 0.3.1
Check: package dependencies
Result: NOTE
Package suggested but not available for checking: ‘cmdstanr’
Flavors: r-devel-linux-x86_64-debian-clang, r-devel-linux-x86_64-debian-gcc, r-devel-linux-x86_64-fedora-clang, r-devel-linux-x86_64-fedora-gcc, r-devel-windows-x86_64, r-patched-linux-x86_64, r-release-linux-x86_64, r-release-macos-arm64, r-release-macos-x86_64, r-release-windows-x86_64, r-oldrel-macos-arm64, r-oldrel-macos-x86_64, r-oldrel-windows-x86_64
Version: 0.3.1
Check: for GNU extensions in Makefiles
Result: NOTE
GNU make is a SystemRequirements.
Flavors: r-devel-linux-x86_64-debian-clang, r-devel-linux-x86_64-debian-gcc, r-devel-linux-x86_64-fedora-clang, r-devel-linux-x86_64-fedora-gcc, r-devel-windows-x86_64, r-patched-linux-x86_64, r-release-linux-x86_64, r-release-macos-arm64, r-release-macos-x86_64, r-release-windows-x86_64, r-oldrel-macos-arm64, r-oldrel-macos-x86_64, r-oldrel-windows-x86_64
Version: 0.3.1
Check: installed package size
Result: NOTE
installed size is 6.0Mb
sub-directories of 1Mb or more:
libs 4.6Mb
Flavors: r-devel-linux-x86_64-fedora-clang, r-devel-windows-x86_64, r-release-macos-arm64, r-release-macos-x86_64, r-release-windows-x86_64, r-oldrel-macos-arm64, r-oldrel-macos-x86_64, r-oldrel-windows-x86_64
Version: 0.3.1
Check: dependencies in R code
Result: NOTE
Namespaces in Imports field not imported from:
‘RcppParallel’ ‘rstantools’
All declared Imports should be used.
Flavors: r-devel-linux-x86_64-fedora-clang, r-devel-linux-x86_64-fedora-gcc