Last updated on 2023-03-21 11:53:53 CET.
Flavor | Version | Tinstall | Tcheck | Ttotal | Status | Flags |
---|---|---|---|---|---|---|
r-devel-linux-x86_64-debian-clang | 1.9.0 | 382.01 | 327.76 | 709.77 | NOTE | |
r-devel-linux-x86_64-debian-gcc | 1.9.0 | 314.67 | 246.57 | 561.24 | NOTE | |
r-devel-linux-x86_64-fedora-clang | 1.9.0 | 947.66 | NOTE | |||
r-devel-linux-x86_64-fedora-gcc | 1.9.0 | 945.67 | NOTE | |||
r-patched-linux-x86_64 | 1.9.0 | 325.44 | 321.21 | 646.65 | OK | |
r-release-linux-x86_64 | 1.9.0 | 326.25 | 330.62 | 656.87 | OK | |
r-release-macos-arm64 | 1.9.0 | 279.00 | NOTE | |||
r-release-macos-x86_64 | 1.9.0 | 332.00 | NOTE | |||
r-release-windows-x86_64 | 1.9.0 | 285.00 | 431.00 | 716.00 | OK | |
r-oldrel-macos-arm64 | 1.9.0 | 290.00 | NOTE | |||
r-oldrel-macos-x86_64 | 1.9.0 | 337.00 | NOTE | |||
r-oldrel-windows-ix86+x86_64 | 1.9.0 | 837.00 | 595.00 | 1432.00 | NOTE |
Version: 1.9.0
Check: C++ specification
Result: NOTE
Specified C++14: please drop specification unless essential
Flavors: r-devel-linux-x86_64-debian-clang, r-devel-linux-x86_64-debian-gcc, r-devel-linux-x86_64-fedora-clang, r-devel-linux-x86_64-fedora-gcc
Version: 1.9.0
Check: installed package size
Result: NOTE
installed size is 123.7Mb
sub-directories of 1Mb or more:
libs 122.4Mb
Flavors: r-release-macos-arm64, r-release-macos-x86_64, r-oldrel-macos-arm64, r-oldrel-macos-x86_64, r-oldrel-windows-ix86+x86_64