CRAN Package Check Results for Package memisc

Last updated on 2021-09-17 16:50:16 CEST.

Flavor Version Tinstall Tcheck Ttotal Status Flags
r-devel-linux-x86_64-debian-clang 0.99.27.3 35.44 174.50 209.94 OK
r-devel-linux-x86_64-debian-gcc 0.99.27.3 30.02 123.24 153.26 OK
r-devel-linux-x86_64-fedora-clang 0.99.27.3 263.50 NOTE
r-devel-linux-x86_64-fedora-gcc 0.99.27.3 240.81 OK
r-devel-windows-x86_64 0.99.27.3 37.00 219.00 256.00 NOTE
r-devel-windows-x86_64-gcc10-UCRT 0.99.27.3 OK
r-patched-linux-x86_64 0.99.27.3 34.95 164.52 199.47 OK
r-patched-solaris-x86 0.99.27.3 302.30 NOTE
r-release-linux-x86_64 0.99.27.3 32.87 163.43 196.30 OK
r-release-macos-arm64 0.99.27.3 NOTE
r-release-macos-x86_64 0.99.27.3 NOTE
r-release-windows-ix86+x86_64 0.99.27.3 69.00 178.00 247.00 NOTE
r-oldrel-macos-x86_64 0.99.27.3 NOTE
r-oldrel-windows-ix86+x86_64 0.99.27.3 68.00 180.00 248.00 NOTE

Check Details

Version: 0.99.27.3
Check: installed package size
Result: NOTE
     installed size is 5.4Mb
     sub-directories of 1Mb or more:
     R 1.3Mb
     doc 3.1Mb
Flavors: r-devel-linux-x86_64-fedora-clang, r-devel-windows-x86_64, r-patched-solaris-x86, r-release-macos-arm64, r-release-macos-x86_64, r-release-windows-ix86+x86_64, r-oldrel-macos-x86_64, r-oldrel-windows-ix86+x86_64