Last updated on 2023-06-09 08:56:14 CEST.
Flavor | Version | Tinstall | Tcheck | Ttotal | Status | Flags |
---|---|---|---|---|---|---|
r-devel-linux-x86_64-debian-clang | 1.0.0 | 17.32 | 151.00 | 168.32 | NOTE | |
r-devel-linux-x86_64-debian-gcc | 1.0.0 | 14.25 | 112.48 | 126.73 | NOTE | |
r-devel-linux-x86_64-fedora-clang | 1.0.0 | 211.47 | NOTE | |||
r-devel-linux-x86_64-fedora-gcc | 1.0.0 | 208.68 | NOTE | |||
r-devel-windows-x86_64 | 1.0.0 | 16.00 | 122.00 | 138.00 | NOTE | |
r-patched-linux-x86_64 | 1.0.0 | 15.69 | 141.65 | 157.34 | NOTE | |
r-release-linux-x86_64 | 1.0.0 | 17.07 | 139.10 | 156.17 | NOTE | |
r-release-macos-arm64 | 1.0.0 | 72.00 | NOTE | |||
r-release-macos-x86_64 | 1.0.0 | 110.00 | NOTE | |||
r-release-windows-x86_64 | 1.0.0 | 20.00 | 148.00 | 168.00 | NOTE | |
r-oldrel-macos-arm64 | 1.0.0 | 50.00 | OK | |||
r-oldrel-macos-x86_64 | 1.0.0 | 92.00 | OK | |||
r-oldrel-windows-x86_64 | 1.0.0 | 21.00 | 143.00 | 164.00 | OK |
Version: 1.0.0
Check: package subdirectories
Result: NOTE
Problems with news in ‘NEWS.md’:
No news entries found.
Flavors: r-devel-linux-x86_64-debian-clang, r-devel-linux-x86_64-debian-gcc, r-devel-linux-x86_64-fedora-clang, r-devel-linux-x86_64-fedora-gcc, r-devel-windows-x86_64, r-patched-linux-x86_64, r-release-linux-x86_64, r-release-macos-arm64, r-release-macos-x86_64, r-release-windows-x86_64