CRAN Package Check Results for Package merDeriv

Last updated on 2021-10-17 12:52:49 CEST.

Flavor Version Tinstall Tcheck Ttotal Status Flags
r-devel-linux-x86_64-debian-clang 0.2-3 11.10 207.34 218.44 NOTE
r-devel-linux-x86_64-debian-gcc 0.2-3 8.16 156.37 164.53 NOTE
r-devel-linux-x86_64-fedora-clang 0.2-3 267.64 NOTE
r-devel-linux-x86_64-fedora-gcc 0.2-3 268.16 NOTE
r-devel-windows-x86_64 0.2-3 16.00 287.00 303.00 NOTE
r-devel-windows-x86_64-gcc10-UCRT 0.2-3 NOTE
r-patched-linux-x86_64 0.2-3 12.93 206.38 219.31 NOTE
r-patched-solaris-x86 0.2-3 448.50 NOTE
r-release-linux-x86_64 0.2-3 10.54 204.00 214.54 NOTE
r-release-macos-arm64 0.2-3 NOTE
r-release-macos-x86_64 0.2-3 NOTE
r-release-windows-ix86+x86_64 0.2-3 15.00 278.00 293.00 NOTE
r-oldrel-macos-x86_64 0.2-3 OK
r-oldrel-windows-ix86+x86_64 0.2-3 24.00 287.00 311.00 OK

Check Details

Version: 0.2-3
Check: LazyData
Result: NOTE
     'LazyData' is specified without a 'data' directory
Flavors: r-devel-linux-x86_64-debian-clang, r-devel-linux-x86_64-debian-gcc, r-devel-linux-x86_64-fedora-clang, r-devel-linux-x86_64-fedora-gcc, r-devel-windows-x86_64, r-devel-windows-x86_64-gcc10-UCRT, r-patched-linux-x86_64, r-patched-solaris-x86, r-release-linux-x86_64, r-release-macos-arm64, r-release-macos-x86_64, r-release-windows-ix86+x86_64