CRAN Package Check Results for Package messy.cats

Last updated on 2023-09-25 01:03:40 CEST.

Flavor Version Tinstall Tcheck Ttotal Status Flags
r-devel-linux-x86_64-debian-clang 1.0 6.44 53.88 60.32 OK
r-devel-linux-x86_64-debian-gcc 1.0 5.38 39.75 45.13 OK
r-devel-linux-x86_64-fedora-clang 1.0 73.04 NOTE
r-devel-linux-x86_64-fedora-gcc 1.0 83.17 NOTE
r-devel-windows-x86_64 1.0 8.00 62.00 70.00 OK
r-patched-linux-x86_64 1.0 4.42 49.58 54.00 OK
r-release-linux-x86_64 1.0 4.19 50.18 54.37 OK
r-release-macos-arm64 1.0 33.00 OK
r-release-macos-x86_64 1.0 47.00 OK
r-release-windows-x86_64 1.0 9.00 68.00 77.00 OK
r-oldrel-macos-arm64 1.0 29.00 NOTE
r-oldrel-macos-x86_64 1.0 40.00 NOTE
r-oldrel-windows-x86_64 1.0 10.00 66.00 76.00 OK

Check Details

Version: 1.0
Check: dependencies in R code
Result: NOTE
    Namespace in Imports field not imported from: ‘gt’
     All declared Imports should be used.
Flavors: r-devel-linux-x86_64-fedora-clang, r-devel-linux-x86_64-fedora-gcc, r-oldrel-macos-arm64, r-oldrel-macos-x86_64