Last updated on 2023-06-08 04:54:55 CEST.
Flavor | Version | Tinstall | Tcheck | Ttotal | Status | Flags |
---|---|---|---|---|---|---|
r-devel-linux-x86_64-debian-clang | 1.0.0 | 9.88 | 92.67 | 102.55 | NOTE | |
r-devel-linux-x86_64-debian-gcc | 1.0.0 | 7.84 | 68.39 | 76.23 | NOTE | |
r-devel-linux-x86_64-fedora-clang | 1.0.0 | 131.02 | NOTE | |||
r-devel-linux-x86_64-fedora-gcc | 1.0.0 | 130.24 | NOTE | |||
r-devel-windows-x86_64 | 1.0.0 | 11.00 | 91.00 | 102.00 | NOTE | |
r-patched-linux-x86_64 | 1.0.0 | 9.52 | 86.79 | 96.31 | NOTE | |
r-release-linux-x86_64 | 1.0.0 | 10.42 | 83.26 | 93.68 | NOTE | |
r-release-macos-arm64 | 1.0.0 | 48.00 | NOTE | |||
r-release-macos-x86_64 | 1.0.0 | 63.00 | NOTE | |||
r-release-windows-x86_64 | 1.0.0 | 13.00 | 104.00 | 117.00 | NOTE | |
r-oldrel-macos-arm64 | 1.0.0 | 41.00 | NOTE | |||
r-oldrel-macos-x86_64 | 1.0.0 | 61.00 | NOTE | |||
r-oldrel-windows-x86_64 | 1.0.0 | 15.00 | 108.00 | 123.00 | NOTE |
Version: 1.0.0
Check: package dependencies
Result: NOTE
Package suggested but not available for checking: ‘genuMet’
Flavors: r-devel-linux-x86_64-debian-clang, r-devel-linux-x86_64-debian-gcc, r-devel-linux-x86_64-fedora-clang, r-devel-linux-x86_64-fedora-gcc, r-devel-windows-x86_64, r-patched-linux-x86_64, r-release-linux-x86_64, r-release-macos-arm64, r-release-macos-x86_64, r-release-windows-x86_64, r-oldrel-macos-arm64, r-oldrel-macos-x86_64, r-oldrel-windows-x86_64