CRAN Package Check Results for Package meteoland

Last updated on 2023-03-21 11:53:53 CET.

Flavor Version Tinstall Tcheck Ttotal Status Flags
r-devel-linux-x86_64-debian-clang 2.0.0 113.22 671.01 784.23 OK
r-devel-linux-x86_64-debian-gcc 2.0.0 96.10 519.53 615.63 OK
r-devel-linux-x86_64-fedora-clang 2.0.0 1018.35 NOTE
r-devel-linux-x86_64-fedora-gcc 2.0.0 1009.56 NOTE
r-patched-linux-x86_64 2.0.0 96.73 667.88 764.61 OK
r-release-linux-x86_64 2.0.0 76.80 670.61 747.41 OK
r-release-macos-arm64 2.0.0 182.00 NOTE
r-release-macos-x86_64 2.0.0 422.00 NOTE
r-release-windows-x86_64 2.0.0 180.00 667.00 847.00 OK
r-oldrel-macos-arm64 2.0.0 175.00 NOTE
r-oldrel-macos-x86_64 2.0.0 425.00 NOTE
r-oldrel-windows-ix86+x86_64 2.0.0 253.00 931.00 1184.00 NOTE

Check Details

Version: 2.0.0
Check: data for non-ASCII characters
Result: NOTE
     Note: found 3302 marked UTF-8 strings
Flavors: r-devel-linux-x86_64-fedora-clang, r-devel-linux-x86_64-fedora-gcc

Version: 2.0.0
Check: installed package size
Result: NOTE
     installed size is 6.2Mb
     sub-directories of 1Mb or more:
     data 1.0Mb
     libs 3.2Mb
Flavors: r-release-macos-arm64, r-release-macos-x86_64, r-oldrel-macos-arm64, r-oldrel-macos-x86_64, r-oldrel-windows-ix86+x86_64

Version: 2.0.0
Check: dependencies in R code
Result: NOTE
    Initiating curl with CURL_SSL_BACKEND: openssl
Flavor: r-oldrel-windows-ix86+x86_64