CRAN Package Check Results for Package mfe

Last updated on 2022-12-02 19:49:44 CET.

Flavor Version Tinstall Tcheck Ttotal Status Flags
r-devel-linux-x86_64-debian-clang 0.1.5 3.90 91.23 95.13 NOTE
r-devel-linux-x86_64-debian-gcc 0.1.5 3.35 68.44 71.79 NOTE
r-devel-linux-x86_64-fedora-clang 0.1.5 125.17 NOTE
r-devel-linux-x86_64-fedora-gcc 0.1.5 121.20 NOTE
r-devel-windows-x86_64 0.1.5 15.00 131.00 146.00 NOTE
r-patched-linux-x86_64 0.1.5 4.38 84.07 88.45 NOTE
r-release-linux-x86_64 0.1.5 2.80 85.31 88.11 NOTE
r-release-macos-arm64 0.1.5 36.00 NOTE
r-release-macos-x86_64 0.1.5 46.00 NOTE
r-release-windows-x86_64 0.1.5 32.00 137.00 169.00 NOTE
r-oldrel-macos-arm64 0.1.5 40.00 NOTE
r-oldrel-macos-x86_64 0.1.5 69.00 NOTE
r-oldrel-windows-ix86+x86_64 0.1.5 8.00 124.00 132.00 NOTE

Check Details

Version: 0.1.5
Check: package subdirectories
Result: NOTE
    Problems with news in 'NEWS.md':
     Cannot extract version info from the following section titles:
     First release of mfe:
Flavors: r-devel-linux-x86_64-debian-clang, r-devel-linux-x86_64-debian-gcc, r-devel-linux-x86_64-fedora-clang, r-devel-linux-x86_64-fedora-gcc, r-devel-windows-x86_64

Version: 0.1.5
Check: LazyData
Result: NOTE
     'LazyData' is specified without a 'data' directory
Flavors: r-devel-linux-x86_64-debian-clang, r-devel-linux-x86_64-debian-gcc, r-devel-linux-x86_64-fedora-clang, r-devel-linux-x86_64-fedora-gcc, r-devel-windows-x86_64, r-patched-linux-x86_64, r-release-linux-x86_64, r-release-macos-arm64, r-release-macos-x86_64, r-release-windows-x86_64, r-oldrel-macos-arm64, r-oldrel-macos-x86_64, r-oldrel-windows-ix86+x86_64

Version: 0.1.5
Check: dependencies in R code
Result: NOTE
    Namespace in Imports field not imported from: ‘ECoL’
     All declared Imports should be used.
Flavors: r-devel-linux-x86_64-fedora-clang, r-devel-linux-x86_64-fedora-gcc, r-release-macos-arm64, r-release-macos-x86_64, r-oldrel-macos-arm64, r-oldrel-macos-x86_64