CRAN Package Check Results for Package micEcon

Last updated on 2021-10-24 20:51:09 CEST.

Flavor Version Tinstall Tcheck Ttotal Status Flags
r-devel-linux-x86_64-debian-clang 0.6-16 5.82 67.61 73.43 OK
r-devel-linux-x86_64-debian-gcc 0.6-16 4.55 51.02 55.57 OK
r-devel-linux-x86_64-fedora-clang 0.6-16 99.02 NOTE
r-devel-linux-x86_64-fedora-gcc 0.6-16 97.45 OK
r-devel-windows-x86_64 0.6-16 10.00 75.00 85.00 OK
r-devel-windows-x86_64-gcc10-UCRT 0.6-16 OK
r-patched-linux-x86_64 0.6-16 9.16 65.93 75.09 OK
r-patched-solaris-x86 0.6-16 121.20 OK
r-release-linux-x86_64 0.6-16 6.65 65.63 72.28 OK
r-release-macos-arm64 0.6-16 OK
r-release-macos-x86_64 0.6-16 OK
r-release-windows-ix86+x86_64 0.6-16 12.00 98.00 110.00 OK
r-oldrel-macos-x86_64 0.6-16 OK
r-oldrel-windows-ix86+x86_64 0.6-16 14.00 99.00 113.00 OK

Check Details

Version: 0.6-16
Check: Rd cross-references
Result: NOTE
    Undeclared packages ‘micEconAids’, ‘micEconSNQP’ in Rd xrefs
Flavor: r-devel-linux-x86_64-fedora-clang