CRAN Package Check Results for Package mice

Last updated on 2021-09-21 12:53:35 CEST.

Flavor Version Tinstall Tcheck Ttotal Status Flags
r-devel-linux-x86_64-debian-clang 3.13.0 41.92 212.73 254.65 OK
r-devel-linux-x86_64-debian-gcc 3.13.0 28.52 157.17 185.69 OK
r-devel-linux-x86_64-fedora-clang 3.13.0 313.62 OK
r-devel-linux-x86_64-fedora-gcc 3.13.0 294.66 OK
r-devel-windows-x86_64 3.13.0 42.00 214.00 256.00 OK
r-devel-windows-x86_64-gcc10-UCRT 3.13.0 ERROR
r-patched-linux-x86_64 3.13.0 42.46 201.93 244.39 OK
r-patched-solaris-x86 3.13.0 395.00 OK
r-release-linux-x86_64 3.13.0 35.71 199.75 235.46 OK
r-release-macos-arm64 3.13.0 NOTE
r-release-macos-x86_64 3.13.0 OK
r-release-windows-ix86+x86_64 3.13.0 91.00 336.00 427.00 OK
r-oldrel-macos-x86_64 3.13.0 OK
r-oldrel-windows-ix86+x86_64 3.13.0 97.00 335.00 432.00 OK

Check Details

Version: 3.13.0
Check: whether package can be installed
Result: ERROR
    Installation failed.
Flavor: r-devel-windows-x86_64-gcc10-UCRT

Version: 3.13.0
Check: package dependencies
Result: NOTE
    Package suggested but not available for checking: ‘haven’
Flavor: r-release-macos-arm64