Last updated on 2023-06-05 01:52:10 CEST.
Flavor | Version | Tinstall | Tcheck | Ttotal | Status | Flags |
---|---|---|---|---|---|---|
r-devel-linux-x86_64-debian-clang | 1.9.0 | 28.41 | 219.15 | 247.56 | OK | |
r-devel-linux-x86_64-debian-gcc | 1.9.0 | 18.55 | 163.59 | 182.14 | OK | |
r-devel-linux-x86_64-fedora-clang | 1.9.0 | 313.52 | OK | |||
r-devel-linux-x86_64-fedora-gcc | 1.9.0 | 276.91 | OK | |||
r-devel-windows-x86_64 | 1.9.0 | 22.00 | 162.00 | 184.00 | OK | |
r-patched-linux-x86_64 | 1.9.0 | 30.64 | 204.23 | 234.87 | OK | |
r-release-linux-x86_64 | 1.8.0 | 12.99 | 110.34 | 123.33 | NOTE | |
r-release-macos-arm64 | 1.9.0 | 73.00 | OK | |||
r-release-macos-x86_64 | 1.8.0 | 78.00 | NOTE | |||
r-release-windows-x86_64 | 1.9.0 | 32.00 | 201.00 | 233.00 | OK | |
r-oldrel-macos-arm64 | 1.9.0 | 76.00 | OK | |||
r-oldrel-macos-x86_64 | 1.9.0 | 115.00 | OK | |||
r-oldrel-windows-x86_64 | 1.9.0 | 38.00 | 182.00 | 220.00 | OK |
Version: 1.8.0
Check: Rd files
Result: NOTE
checkRd: (-1) IPDNa.Rd:42: Escaped LaTeX specials: \&
Flavors: r-release-linux-x86_64, r-release-macos-x86_64
Version: 1.8.0
Check: package dependencies
Result: NOTE
Package suggested but not available for checking: ‘VIM’
Flavor: r-release-macos-x86_64
Version: 1.8.0
Check: Rd cross-references
Result: NOTE
Package unavailable to check Rd xrefs: ‘VIM’
Flavor: r-release-macos-x86_64