CRAN Package Check Results for Package microclass

Last updated on 2022-01-26 08:51:23 CET.

Flavor Version Tinstall Tcheck Ttotal Status Flags
r-devel-linux-x86_64-debian-clang 1.2 72.19 80.49 152.68 NOTE
r-devel-linux-x86_64-debian-gcc 1.2 53.15 61.57 114.72 NOTE
r-devel-linux-x86_64-fedora-clang 1.2 220.43 NOTE
r-devel-linux-x86_64-fedora-gcc 1.2 192.82 NOTE
r-devel-windows-x86_64-new-UL 1.2 91.00 123.00 214.00 NOTE
r-devel-windows-x86_64-new-TK 1.2 NOTE
r-patched-linux-x86_64 1.2 57.02 75.50 132.52 NOTE
r-release-linux-x86_64 1.2 50.68 73.79 124.47 NOTE
r-release-macos-arm64 1.2 NOTE
r-release-macos-x86_64 1.2 NOTE
r-release-windows-ix86+x86_64 1.2 190.00 123.00 313.00 NOTE
r-oldrel-macos-x86_64 1.2 NOTE
r-oldrel-windows-ix86+x86_64 1.2 189.00 128.00 317.00 NOTE

Check Details

Version: 1.2
Check: for GNU extensions in Makefiles
Result: NOTE
    GNU make is a SystemRequirements.
Flavors: r-devel-linux-x86_64-debian-clang, r-devel-linux-x86_64-debian-gcc, r-devel-linux-x86_64-fedora-clang, r-devel-linux-x86_64-fedora-gcc, r-devel-windows-x86_64-new-UL, r-devel-windows-x86_64-new-TK, r-patched-linux-x86_64, r-release-linux-x86_64, r-release-macos-arm64, r-release-macos-x86_64, r-release-windows-ix86+x86_64, r-oldrel-macos-x86_64, r-oldrel-windows-ix86+x86_64

Version: 1.2
Check: dependencies in R code
Result: NOTE
    Namespace in Imports field not imported from: ‘tibble’
     All declared Imports should be used.
Flavors: r-devel-linux-x86_64-fedora-clang, r-devel-linux-x86_64-fedora-gcc, r-devel-windows-x86_64-new-TK, r-release-macos-arm64, r-release-macos-x86_64, r-oldrel-macos-x86_64