CRAN Package Check Results for Package midastouch

Last updated on 2021-10-22 16:50:42 CEST.

Flavor Version Tinstall Tcheck Ttotal Status Flags
r-devel-linux-x86_64-debian-clang 1.3 1.59 21.85 23.44 NOTE
r-devel-linux-x86_64-debian-gcc 1.3 1.47 17.29 18.76 NOTE
r-devel-linux-x86_64-fedora-clang 1.3 40.01 NOTE
r-devel-linux-x86_64-fedora-gcc 1.3 29.30 NOTE
r-devel-windows-x86_64 1.3 4.00 41.00 45.00 NOTE
r-devel-windows-x86_64-gcc10-UCRT 1.3 NOTE
r-patched-linux-x86_64 1.3 2.07 21.43 23.50 NOTE
r-patched-solaris-x86 1.3 45.30 NOTE
r-release-linux-x86_64 1.3 1.91 21.32 23.23 NOTE
r-release-macos-arm64 1.3 NOTE
r-release-macos-x86_64 1.3 NOTE
r-release-windows-ix86+x86_64 1.3 5.00 41.00 46.00 NOTE
r-oldrel-macos-x86_64 1.3 OK
r-oldrel-windows-ix86+x86_64 1.3 5.00 42.00 47.00 OK

Check Details

Version: 1.3
Check: LazyData
Result: NOTE
     'LazyData' is specified without a 'data' directory
Flavors: r-devel-linux-x86_64-debian-clang, r-devel-linux-x86_64-debian-gcc, r-devel-linux-x86_64-fedora-clang, r-devel-linux-x86_64-fedora-gcc, r-devel-windows-x86_64, r-devel-windows-x86_64-gcc10-UCRT, r-patched-linux-x86_64, r-patched-solaris-x86, r-release-linux-x86_64, r-release-macos-arm64, r-release-macos-x86_64, r-release-windows-ix86+x86_64