CRAN Package Check Results for Package mifa

Last updated on 2021-10-17 12:52:49 CEST.

Flavor Version Tinstall Tcheck Ttotal Status Flags
r-devel-linux-x86_64-debian-clang 0.2.0 2.17 65.25 67.42 NOTE
r-devel-linux-x86_64-debian-gcc 0.2.0 1.90 48.96 50.86 NOTE
r-devel-linux-x86_64-fedora-clang 0.2.0 89.75 NOTE
r-devel-linux-x86_64-fedora-gcc 0.2.0 78.04 NOTE
r-devel-windows-x86_64 0.2.0 4.00 97.00 101.00 NOTE
r-devel-windows-x86_64-gcc10-UCRT 0.2.0 NOTE
r-patched-linux-x86_64 0.2.0 8.51 61.82 70.33 NOTE
r-patched-solaris-x86 0.2.0 145.60 NOTE
r-release-linux-x86_64 0.2.0 2.37 62.14 64.51 NOTE
r-release-macos-arm64 0.2.0 NOTE
r-release-macos-x86_64 0.2.0 NOTE
r-release-windows-ix86+x86_64 0.2.0 6.00 89.00 95.00 NOTE
r-oldrel-macos-x86_64 0.2.0 OK
r-oldrel-windows-ix86+x86_64 0.2.0 7.00 92.00 99.00 OK

Check Details

Version: 0.2.0
Check: LazyData
Result: NOTE
     'LazyData' is specified without a 'data' directory
Flavors: r-devel-linux-x86_64-debian-clang, r-devel-linux-x86_64-debian-gcc, r-devel-linux-x86_64-fedora-clang, r-devel-linux-x86_64-fedora-gcc, r-devel-windows-x86_64, r-devel-windows-x86_64-gcc10-UCRT, r-patched-linux-x86_64, r-patched-solaris-x86, r-release-linux-x86_64, r-release-macos-arm64, r-release-macos-x86_64, r-release-windows-ix86+x86_64