CRAN Package Check Results for Package mimsy

Last updated on 2023-09-27 01:05:34 CEST.

Flavor Version Tinstall Tcheck Ttotal Status Flags
r-devel-linux-x86_64-debian-clang 0.6.2 8.61 67.17 75.78 NOTE
r-devel-linux-x86_64-debian-gcc 0.6.2 5.58 50.01 55.59 NOTE
r-devel-linux-x86_64-fedora-clang 0.6.2 89.01 NOTE
r-devel-linux-x86_64-fedora-gcc 0.6.2 98.54 NOTE
r-devel-windows-x86_64 0.6.2 9.00 65.00 74.00 NOTE
r-patched-linux-x86_64 0.6.2 7.38 61.75 69.13 NOTE
r-release-linux-x86_64 0.6.2 7.20 62.85 70.05 NOTE
r-release-macos-arm64 0.6.2 35.00 NOTE
r-release-macos-x86_64 0.6.2 49.00 NOTE
r-release-windows-x86_64 0.6.2 11.00 74.00 85.00 NOTE
r-oldrel-macos-arm64 0.6.2 28.00 NOTE
r-oldrel-macos-x86_64 0.6.2 54.00 NOTE
r-oldrel-windows-x86_64 0.6.2 11.00 77.00 88.00 NOTE

Check Details

Version: 0.6.2
Check: LazyData
Result: NOTE
     'LazyData' is specified without a 'data' directory
Flavors: r-devel-linux-x86_64-debian-clang, r-devel-linux-x86_64-debian-gcc, r-devel-linux-x86_64-fedora-clang, r-devel-linux-x86_64-fedora-gcc, r-devel-windows-x86_64, r-patched-linux-x86_64, r-release-linux-x86_64, r-release-macos-arm64, r-release-macos-x86_64, r-release-windows-x86_64, r-oldrel-macos-arm64, r-oldrel-macos-x86_64, r-oldrel-windows-x86_64