Last updated on 2023-10-02 05:06:43 CEST.
Flavor | Version | Tinstall | Tcheck | Ttotal | Status | Flags |
---|---|---|---|---|---|---|
r-devel-linux-x86_64-debian-clang | 0.2 | 14.47 | 111.11 | 125.58 | OK | |
r-devel-linux-x86_64-debian-gcc | 0.2 | 11.59 | 84.78 | 96.37 | OK | |
r-devel-linux-x86_64-fedora-clang | 0.2 | 158.45 | NOTE | |||
r-devel-linux-x86_64-fedora-gcc | 0.2 | 172.69 | NOTE | |||
r-devel-windows-x86_64 | 0.2 | 13.00 | 119.00 | 132.00 | OK | |
r-patched-linux-x86_64 | 0.2 | 11.95 | 108.59 | 120.54 | OK | |
r-release-linux-x86_64 | 0.2 | 12.24 | 107.82 | 120.06 | OK | |
r-release-macos-arm64 | 0.2 | 56.00 | OK | |||
r-release-macos-x86_64 | 0.2 | 84.00 | OK | |||
r-release-windows-x86_64 | 0.2 | 18.00 | 119.00 | 137.00 | OK | |
r-oldrel-macos-arm64 | 0.2 | 45.00 | NOTE | |||
r-oldrel-macos-x86_64 | 0.2 | 79.00 | NOTE | |||
r-oldrel-windows-x86_64 | 0.2 | 18.00 | 132.00 | 150.00 | OK |
Version: 0.2
Check: dependencies in R code
Result: NOTE
Namespaces in Imports field not imported from:
‘markdown’ ‘metafor’
All declared Imports should be used.
Flavors: r-devel-linux-x86_64-fedora-clang, r-devel-linux-x86_64-fedora-gcc, r-oldrel-macos-arm64, r-oldrel-macos-x86_64