Last updated on 2022-05-17 16:54:32 CEST.
Flavor | Version | Tinstall | Tcheck | Ttotal | Status | Flags |
---|---|---|---|---|---|---|
r-devel-linux-x86_64-debian-clang | 0.4.0 | 2.82 | 56.13 | 58.95 | OK | |
r-devel-linux-x86_64-debian-gcc | 0.4.0 | 2.14 | 43.26 | 45.40 | OK | |
r-devel-linux-x86_64-fedora-clang | 0.4.0 | 70.39 | OK | |||
r-devel-linux-x86_64-fedora-gcc | 0.4.0 | 71.89 | OK | |||
r-devel-windows-x86_64 | 0.4.0 | 56.00 | 98.00 | 154.00 | OK | |
r-patched-linux-x86_64 | 0.4.0 | 2.42 | 54.64 | 57.06 | OK | |
r-release-linux-x86_64 | 0.4.0 | 2.47 | 55.01 | 57.48 | OK | |
r-release-macos-arm64 | 0.4.0 | 29.00 | OK | |||
r-release-macos-x86_64 | 0.4.0 | 8.00 | ERROR | |||
r-release-windows-x86_64 | 0.4.0 | 40.00 | 82.00 | 122.00 | OK | |
r-oldrel-macos-arm64 | 0.4.0 | 25.00 | OK | |||
r-oldrel-macos-x86_64 | 0.4.0 | 24.00 | OK | |||
r-oldrel-windows-ix86+x86_64 | 0.4.0 | 7.00 | 50.00 | 57.00 | OK |
Version: 0.4.0
Check: package dependencies
Result: ERROR
Package required but not available: ‘katex’
See section ‘The DESCRIPTION file’ in the ‘Writing R Extensions’
manual.
Flavor: r-release-macos-x86_64