CRAN Package Check Results for Package mirt

Last updated on 2021-12-02 04:02:25 CET.

Flavor Version Tinstall Tcheck Ttotal Status Flags
r-devel-linux-x86_64-debian-clang 1.34 147.33 215.30 362.63 OK
r-devel-linux-x86_64-debian-gcc 1.34 108.97 162.05 271.02 OK
r-devel-linux-x86_64-fedora-clang 1.34 508.48 NOTE
r-devel-linux-x86_64-fedora-gcc 1.34 477.62 OK
r-devel-windows-x86_64-new-UL 1.34 188.00 309.00 497.00 OK
r-devel-windows-x86_64-new-TK 1.34 OK
r-devel-windows-x86_64-old 1.34 179.00 197.00 376.00 OK
r-patched-linux-x86_64 1.34 128.94 209.31 338.25 OK
r-patched-solaris-x86 1.34 456.70 OK
r-release-linux-x86_64 1.34 125.88 211.13 337.01 OK
r-release-macos-arm64 1.34 NOTE
r-release-macos-x86_64 1.34 NOTE
r-release-windows-ix86+x86_64 1.34 296.00 328.00 624.00 NOTE
r-oldrel-macos-x86_64 1.34 NOTE
r-oldrel-windows-ix86+x86_64 1.34 299.00 321.00 620.00 NOTE

Check Details

Version: 1.34
Check: installed package size
Result: NOTE
     installed size is 8.3Mb
     sub-directories of 1Mb or more:
     R 1.4Mb
     libs 6.2Mb
Flavors: r-devel-linux-x86_64-fedora-clang, r-release-macos-arm64, r-release-macos-x86_64, r-release-windows-ix86+x86_64, r-oldrel-macos-x86_64, r-oldrel-windows-ix86+x86_64