CRAN Package Check Results for Package mistat

Last updated on 2021-10-27 16:49:10 CEST.

Flavor Version Tinstall Tcheck Ttotal Status Flags
r-devel-linux-x86_64-debian-clang 2.0.3 4.20 65.68 69.88 OK
r-devel-linux-x86_64-debian-gcc 2.0.3 3.48 51.56 55.04 OK
r-devel-linux-x86_64-fedora-clang 2.0.3 99.21 NOTE
r-devel-linux-x86_64-fedora-gcc 2.0.3 86.79 NOTE
r-devel-windows-x86_64 2.0.3 9.00 106.00 115.00 OK
r-devel-windows-x86_64-gcc10-UCRT 2.0.3 NOTE
r-patched-linux-x86_64 2.0.3 5.40 64.58 69.98 OK
r-patched-solaris-x86 2.0.3 127.40 NOTE
r-release-linux-x86_64 2.0.3 3.37 64.56 67.93 OK
r-release-macos-arm64 2.0.3 NOTE
r-release-macos-x86_64 2.0.3 NOTE
r-release-windows-ix86+x86_64 2.0.3 8.00 106.00 114.00 OK
r-oldrel-macos-x86_64 2.0.3 NOTE
r-oldrel-windows-ix86+x86_64 2.0.3 9.00 111.00 120.00 OK

Check Details

Version: 2.0.3
Check: dependencies in R code
Result: NOTE
    Namespace in Imports field not imported from: ‘grDevices’
     All declared Imports should be used.
Flavors: r-devel-linux-x86_64-fedora-clang, r-devel-linux-x86_64-fedora-gcc, r-devel-windows-x86_64-gcc10-UCRT, r-patched-solaris-x86, r-release-macos-arm64, r-release-macos-x86_64, r-oldrel-macos-x86_64