CRAN Package Check Results for Package mixAK

Last updated on 2021-09-19 04:53:12 CEST.

Flavor Version Tinstall Tcheck Ttotal Status Flags
r-devel-linux-x86_64-debian-clang 5.3 79.50 177.06 256.56 OK
r-devel-linux-x86_64-debian-gcc 5.3 52.74 131.01 183.75 OK
r-devel-linux-x86_64-fedora-clang 5.3 323.68 NOTE
r-devel-linux-x86_64-fedora-gcc 5.3 299.04 OK
r-devel-windows-x86_64 5.3 90.00 205.00 295.00 OK
r-devel-windows-x86_64-gcc10-UCRT 5.3 ERROR
r-patched-linux-x86_64 5.3 66.46 171.58 238.04 OK
r-patched-solaris-x86 5.3 437.20 OK
r-release-linux-x86_64 5.3 59.59 170.23 229.82 OK
r-release-windows-ix86+x86_64 5.3 180.00 171.00 351.00 OK
r-oldrel-windows-ix86+x86_64 5.3 192.00 189.00 381.00 OK

Check Details

Version: 5.3
Check: Rd cross-references
Result: NOTE
    Undeclared package ‘mvtnorm’ in Rd xrefs
Flavor: r-devel-linux-x86_64-fedora-clang

Version: 5.3
Check: whether package can be installed
Result: ERROR
    Installation failed.
Flavor: r-devel-windows-x86_64-gcc10-UCRT