CRAN Package Check Results for Package mixPHM

Last updated on 2021-09-21 04:55:20 CEST.

Flavor Version Tinstall Tcheck Ttotal Status Flags
r-devel-linux-x86_64-debian-clang 0.7-2 9.25 105.90 115.15 OK
r-devel-linux-x86_64-debian-gcc 0.7-2 5.84 79.39 85.23 OK
r-devel-linux-x86_64-fedora-clang 0.7-2 140.85 OK
r-devel-linux-x86_64-fedora-gcc 0.7-2 131.08 OK
r-devel-windows-x86_64 0.7-2 8.00 94.00 102.00 OK
r-devel-windows-x86_64-gcc10-UCRT 0.7-2 ERROR
r-patched-linux-x86_64 0.7-2 7.89 98.19 106.08 OK
r-patched-solaris-x86 0.7-2 175.90 OK
r-release-linux-x86_64 0.7-2 7.78 99.74 107.52 OK
r-release-macos-arm64 0.7-2 OK
r-release-macos-x86_64 0.7-2 OK
r-release-windows-ix86+x86_64 0.7-2 17.00 86.00 103.00 OK
r-oldrel-macos-x86_64 0.7-2 OK
r-oldrel-windows-ix86+x86_64 0.7-2 17.00 99.00 116.00 OK

Check Details

Version: 0.7-2
Check: whether package can be installed
Result: WARN
    Found the following significant warnings:
     WARNING: installation-time patches will not be applied, could not get the patches index
Flavor: r-devel-windows-x86_64-gcc10-UCRT

Version: 0.7-2
Check: PDF version of manual
Result: WARN
    LaTeX errors when creating PDF version.
    This typically indicates Rd problems.
Flavor: r-devel-windows-x86_64-gcc10-UCRT

Version: 0.7-2
Check: PDF version of manual without hyperrefs or index
Result: ERROR
    Re-running with no redirection of stdout/stderr.
Flavor: r-devel-windows-x86_64-gcc10-UCRT