CRAN Package Check Results for Package mixRasch

Last updated on 2021-09-21 04:55:20 CEST.

Flavor Version Tinstall Tcheck Ttotal Status Flags
r-devel-linux-x86_64-debian-clang 1.1 3.93 34.21 38.14 NOTE
r-devel-linux-x86_64-debian-gcc 1.1 2.84 26.05 28.89 NOTE
r-devel-linux-x86_64-fedora-clang 1.1 52.15 NOTE
r-devel-linux-x86_64-fedora-gcc 1.1 41.48 NOTE
r-devel-windows-x86_64 1.1 6.00 35.00 41.00 NOTE
r-devel-windows-x86_64-gcc10-UCRT 1.1 ERROR
r-patched-linux-x86_64 1.1 3.36 32.47 35.83 NOTE
r-patched-solaris-x86 1.1 60.50 NOTE
r-release-linux-x86_64 1.1 2.94 32.55 35.49 NOTE
r-release-macos-arm64 1.1 NOTE
r-release-macos-x86_64 1.1 NOTE
r-release-windows-ix86+x86_64 1.1 7.00 33.00 40.00 NOTE
r-oldrel-macos-x86_64 1.1 NOTE
r-oldrel-windows-ix86+x86_64 1.1 5.00 34.00 39.00 NOTE

Check Details

Version: 1.1
Check: R code for possible problems
Result: NOTE
    itemDescriptives : <anonymous>: no visible global function definition
     for 'cor'
    itemFitPlot: no visible global function definition for 'dev.new'
    itemFitPlot: no visible global function definition for 'jpeg'
    itemFitPlot: no visible global function definition for 'png'
    itemFitPlot: no visible global function definition for 'polygon'
    itemFitPlot: no visible global function definition for 'text'
    itemFitPlot: no visible global function definition for 'abline'
    itemFitPlot: no visible global function definition for 'dev.off'
    mixRasch: no visible global function definition for 'flush.console'
    person.reports: no visible global function definition for 'na.omit'
    personItemPlot: no visible global function definition for 'hist'
    personItemPlot: no visible global function definition for 'dev.new'
    personItemPlot: no visible global function definition for 'jpeg'
    personItemPlot: no visible global function definition for 'png'
    personItemPlot: no visible global function definition for 'axis'
    personItemPlot: no visible global function definition for 'barplot'
    personItemPlot: no visible global function definition for 'legend'
    personItemPlot: no visible global function definition for 'dev.off'
    polyserial: no visible global function definition for 'complete.cases'
    polyserial: no visible global function definition for 'qnorm'
    polyserial: no visible global function definition for 'cor'
    polyserial: no visible global function definition for 'sd'
    polyserial: no visible global function definition for 'dnorm'
    polyserial : negLogLik: no visible global function definition for
     'pnorm'
    polyserial : negLogLik: no visible global function definition for
     'dnorm'
    polyserial: no visible global function definition for 'optim'
    rICC: no visible global function definition for 'na.omit'
    rICC: no visible global function definition for 'jpeg'
    rICC: no visible global function definition for 'png'
    rICC: no visible global function definition for 'points'
    rICC: no visible global function definition for 'dev.off'
    Undefined global functions or variables:
     abline axis barplot complete.cases cor dev.new dev.off dnorm
     flush.console hist jpeg legend na.omit optim png pnorm points polygon
     qnorm sd text
    Consider adding
     importFrom("grDevices", "dev.new", "dev.off", "jpeg", "png")
     importFrom("graphics", "abline", "axis", "barplot", "hist", "legend",
     "points", "polygon", "text")
     importFrom("stats", "complete.cases", "cor", "dnorm", "na.omit",
     "optim", "pnorm", "qnorm", "sd")
     importFrom("utils", "flush.console")
    to your NAMESPACE file.
Flavors: r-devel-linux-x86_64-debian-clang, r-devel-linux-x86_64-debian-gcc, r-devel-linux-x86_64-fedora-clang, r-devel-linux-x86_64-fedora-gcc, r-devel-windows-x86_64, r-devel-windows-x86_64-gcc10-UCRT, r-patched-linux-x86_64, r-patched-solaris-x86, r-release-linux-x86_64, r-release-macos-arm64, r-release-macos-x86_64, r-release-windows-ix86+x86_64, r-oldrel-macos-x86_64, r-oldrel-windows-ix86+x86_64

Version: 1.1
Check: whether package can be installed
Result: WARN
    Found the following significant warnings:
     WARNING: installation-time patches will not be applied, could not get the patches index
Flavor: r-devel-windows-x86_64-gcc10-UCRT

Version: 1.1
Check: PDF version of manual
Result: WARN
    LaTeX errors when creating PDF version.
    This typically indicates Rd problems.
Flavor: r-devel-windows-x86_64-gcc10-UCRT

Version: 1.1
Check: PDF version of manual without hyperrefs or index
Result: ERROR
    Re-running with no redirection of stdout/stderr.
Flavor: r-devel-windows-x86_64-gcc10-UCRT