CRAN Package Check Results for Package mixdist

Last updated on 2021-09-21 04:55:20 CEST.

Flavor Version Tinstall Tcheck Ttotal Status Flags
r-devel-linux-x86_64-debian-clang 0.5-5 3.83 94.14 97.97 OK
r-devel-linux-x86_64-debian-gcc 0.5-5 3.39 68.95 72.34 OK
r-devel-linux-x86_64-fedora-clang 0.5-5 121.03 OK
r-devel-linux-x86_64-fedora-gcc 0.5-5 113.86 OK
r-devel-windows-x86_64 0.5-5 8.00 85.00 93.00 OK
r-devel-windows-x86_64-gcc10-UCRT 0.5-5 ERROR
r-patched-linux-x86_64 0.5-5 4.33 91.70 96.03 OK
r-patched-solaris-x86 0.5-5 138.40 OK
r-release-linux-x86_64 0.5-5 3.55 90.25 93.80 OK
r-release-macos-arm64 0.5-5 OK
r-release-macos-x86_64 0.5-5 OK
r-release-windows-ix86+x86_64 0.5-5 7.00 85.00 92.00 OK
r-oldrel-macos-x86_64 0.5-5 OK
r-oldrel-windows-ix86+x86_64 0.5-5 7.00 79.00 86.00 OK

Check Details

Version: 0.5-5
Check: whether package can be installed
Result: WARN
    Found the following significant warnings:
     WARNING: installation-time patches will not be applied, could not get the patches index
Flavor: r-devel-windows-x86_64-gcc10-UCRT

Version: 0.5-5
Check: PDF version of manual
Result: WARN
    LaTeX errors when creating PDF version.
    This typically indicates Rd problems.
Flavor: r-devel-windows-x86_64-gcc10-UCRT

Version: 0.5-5
Check: PDF version of manual without hyperrefs or index
Result: ERROR
    Re-running with no redirection of stdout/stderr.
Flavor: r-devel-windows-x86_64-gcc10-UCRT