CRAN Package Check Results for Package mixedBayes

Last updated on 2024-03-05 08:18:33 CET.

Flavor Version Tinstall Tcheck Ttotal Status Flags
r-devel-linux-x86_64-debian-clang 0.1.2 361.91 55.81 417.72 OK
r-devel-linux-x86_64-debian-gcc 0.1.2 276.84 37.69 314.53 OK
r-devel-linux-x86_64-fedora-clang 0.1.2 619.55 OK
r-devel-linux-x86_64-fedora-gcc 0.1.2 639.10 OK
r-devel-windows-x86_64 0.1.2 253.00 86.00 339.00 OK
r-patched-linux-x86_64 0.1.2 345.03 49.49 394.52 OK
r-release-linux-x86_64 0.1.2 332.67 49.44 382.11 OK
r-release-macos-arm64 0.1.2 111.00 NOTE
r-release-macos-x86_64 0.1.2 134.00 NOTE
r-release-windows-x86_64 0.1.2 333.00 95.00 428.00 OK
r-oldrel-macos-arm64 0.1.2 110.00 NOTE
r-oldrel-windows-x86_64 0.1.2 316.00 93.00 409.00 OK

Check Details

Version: 0.1.2
Check: installed package size
Result: NOTE installed size is 13.2Mb sub-directories of 1Mb or more: libs 13.0Mb Flavors: r-release-macos-arm64, r-release-macos-x86_64, r-oldrel-macos-arm64