Last updated on 2023-12-06 11:52:31 CET.
Flavor | Version | Tinstall | Tcheck | Ttotal | Status | Flags |
---|---|---|---|---|---|---|
r-devel-linux-x86_64-debian-clang | 1.2.7 | 10.52 | 48.14 | 58.66 | NOTE | |
r-devel-linux-x86_64-debian-gcc | 1.2.7 | 6.32 | 37.56 | 43.88 | NOTE | |
r-devel-linux-x86_64-fedora-clang | 1.2.7 | 76.27 | NOTE | |||
r-devel-linux-x86_64-fedora-gcc | 1.2.7 | 68.41 | NOTE | |||
r-devel-windows-x86_64 | 1.2.7 | 10.00 | 60.00 | 70.00 | NOTE | |
r-patched-linux-x86_64 | 1.2.7 | 7.33 | 48.02 | 55.35 | NOTE | |
r-release-linux-x86_64 | 1.2.7 | 9.11 | 47.85 | 56.96 | NOTE | |
r-release-macos-arm64 | 1.2.7 | 33.00 | NOTE | |||
r-release-macos-x86_64 | 1.2.7 | 50.00 | NOTE | |||
r-release-windows-x86_64 | 1.2.7 | 12.00 | 66.00 | 78.00 | NOTE | |
r-oldrel-macos-arm64 | 1.2.7 | 30.00 | OK | |||
r-oldrel-macos-x86_64 | 1.2.7 | 41.00 | OK | |||
r-oldrel-windows-x86_64 | 1.2.7 | 12.00 | 68.00 | 80.00 | OK |
Version: 1.2.7
Check: Rd files
Result: NOTE
checkRd: (-1) SLD.Rd:20: Escaped LaTeX specials: \&
Flavors: r-devel-linux-x86_64-debian-clang, r-devel-linux-x86_64-debian-gcc, r-devel-linux-x86_64-fedora-clang, r-devel-linux-x86_64-fedora-gcc, r-devel-windows-x86_64, r-patched-linux-x86_64, r-release-linux-x86_64, r-release-macos-arm64, r-release-macos-x86_64, r-release-windows-x86_64
Version: 1.2.7
Check: compiled code
Result: NOTE
File ‘mixexp/libs/mixexp.so’:
Found no calls to: ‘R_registerRoutines’, ‘R_useDynamicSymbols’
It is good practice to register native routines and to disable symbol
search.
See ‘Writing portable packages’ in the ‘Writing R Extensions’ manual.
Flavors: r-devel-linux-x86_64-fedora-clang, r-devel-linux-x86_64-fedora-gcc